{"id":164,"date":"2015-11-18T11:22:13","date_gmt":"2015-11-18T17:22:13","guid":{"rendered":"http:\/\/www.sanchezlex.com\/?page_id=164"},"modified":"2015-11-18T11:23:02","modified_gmt":"2015-11-18T17:23:02","slug":"sistema-politico","status":"publish","type":"page","link":"https:\/\/www.sanchezlex.com\/es\/costa-rica\/sistema-politico\/","title":{"rendered":"Sistema Pol\u00edtico"},"content":{"rendered":"<div class=\"wpb-content-wrapper\">[vc_row][vc_column][vc_column_text]\n<p style=\"text-align: justify;\">El sistema pol\u00edtico de Costa Rica est\u00e1 organizado como una Rep\u00fablica democr\u00e1tica.<\/p>\n<p>Hay tres Poderes b\u00e1sicos: un Poder Ejecutivo, un Poder Legislativo (el cual es unicameral) y un Poder Judicial. Una cuarta entidad (casi un Poder por s\u00ed mismo), denominada Tribunal Supremo de Elecciones, est\u00e1 a cargo de todos los asuntos relacionados con los procesos electorales en el pa\u00eds.<\/p>\n<p>El <strong>Poder Ejecutivo<\/strong> est\u00e1 formado por el Presidente (quien es a la vez Jefe de Estado y Jefe de Gobierno), los dos Vicepresidentes y los Ministros, los cuales son nombrados por el Presidente.<\/p>\n<p>El <strong>Poder Legislativo<\/strong> est\u00e1 compuesto por un Congreso (de una sola c\u00e1mara) el cual est\u00e1 conformado por cincuenta y siete Diputados. Cada una de las Provincias tiene un n\u00famero de esca\u00f1os proporcional a su poblaci\u00f3n.<\/p>\n<p>El <strong>Poder Judicial<\/strong> es dirigido por una Corte Suprema, la cual dirige el sistema de tribunales del pa\u00eds, y la cual est\u00e1 compuesta por veintid\u00f3s magistrados que son electos por el Congreso por t\u00e9rminos de ocho a\u00f1os.<\/p>\n<p>Las elecciones nacionales se llevan a cabo cada cuatro a\u00f1os para elegir un Presidente y dos Vicepresidentes, los cincuenta y siete miembros del Congreso y los miembros de cada Concejo Municipal. La pr\u00f3xima elecci\u00f3n nacional se llevar\u00e1 a cabo el 5 de Febrero del 2006. Un a\u00f1o despu\u00e9s de dichas elecciones, se lleva a cabo una elecci\u00f3n para elegir al Alcalde de cada Cant\u00f3n.<\/p>\n[\/vc_column_text][\/vc_column][\/vc_row]\n<\/div>","protected":false},"excerpt":{"rendered":"<p>El sistema pol\u00edtico de Costa Rica est\u00e1 organizado como una Rep\u00fablica democr\u00e1tica.<\/p>\n","protected":false},"author":2,"featured_media":0,"parent":144,"menu_order":0,"comment_status":"closed","ping_status":"closed","template":"","meta":{"_acf_changed":false,"rs_blank_template":"","rs_page_bg_color":"","slide_template_v7":"","footnotes":""},"class_list":["post-164","page","type-page","status-publish","hentry"],"acf":[],"yoast_head":"<!-- This site is optimized with the Yoast SEO plugin v28.1 - https:\/\/yoast.com\/product\/yoast-seo-wordpress\/ -->\n<title>Sistema Pol\u00edtico Costa Rica<\/title>\n<meta name=\"robots\" content=\"index, follow, max-snippet:-1, max-image-preview:large, max-video-preview:-1\" \/>\n<link rel=\"canonical\" href=\"https:\/\/www.sanchezlex.com\/es\/costa-rica\/sistema-politico\/\" \/>\n<meta property=\"og:locale\" content=\"es_ES\" \/>\n<meta property=\"og:type\" content=\"article\" \/>\n<meta property=\"og:title\" content=\"Sistema Pol\u00edtico Costa Rica\" \/>\n<meta property=\"og:description\" content=\"[:es]El sistema pol\u00edtico de Costa Rica est\u00e1 organizado como una Rep\u00fablica democr\u00e1tica.[:en]Costa Rica&#039;s political system is organized as a democratic Republic.[:]\" \/>\n<meta property=\"og:url\" content=\"https:\/\/www.sanchezlex.com\/es\/costa-rica\/sistema-politico\/\" \/>\n<meta property=\"og:site_name\" content=\"Sanchez Lex\" \/>\n<meta property=\"article:modified_time\" content=\"2015-11-18T17:23:02+00:00\" \/>\n<meta name=\"twitter:card\" content=\"summary_large_image\" \/>\n<meta name=\"twitter:label1\" content=\"Tiempo de lectura\" \/>\n\t<meta name=\"twitter:data1\" content=\"2 minutos\" \/>\n<script type=\"application\/ld+json\" class=\"yoast-schema-graph\">{\"@context\":\"https:\\\/\\\/schema.org\",\"@graph\":[{\"@type\":\"WebPage\",\"@id\":\"https:\\\/\\\/www.sanchezlex.com\\\/es\\\/costa-rica\\\/sistema-politico\\\/\",\"url\":\"https:\\\/\\\/www.sanchezlex.com\\\/es\\\/costa-rica\\\/sistema-politico\\\/\",\"name\":\"Sistema Pol\u00edtico Costa Rica\",\"isPartOf\":{\"@id\":\"https:\\\/\\\/www.sanchezlex.com\\\/es\\\/#website\"},\"datePublished\":\"2015-11-18T17:22:13+00:00\",\"dateModified\":\"2015-11-18T17:23:02+00:00\",\"breadcrumb\":{\"@id\":\"https:\\\/\\\/www.sanchezlex.com\\\/es\\\/costa-rica\\\/sistema-politico\\\/#breadcrumb\"},\"inLanguage\":\"es\",\"potentialAction\":[{\"@type\":\"ReadAction\",\"target\":[\"https:\\\/\\\/www.sanchezlex.com\\\/es\\\/costa-rica\\\/sistema-politico\\\/\"]}]},{\"@type\":\"BreadcrumbList\",\"@id\":\"https:\\\/\\\/www.sanchezlex.com\\\/es\\\/costa-rica\\\/sistema-politico\\\/#breadcrumb\",\"itemListElement\":[{\"@type\":\"ListItem\",\"position\":1,\"name\":\"Portada\",\"item\":\"https:\\\/\\\/www.sanchezlex.com\\\/\"},{\"@type\":\"ListItem\",\"position\":2,\"name\":\"Costa Rica\",\"item\":\"https:\\\/\\\/www.sanchezlex.com\\\/es\\\/costa-rica\\\/\"},{\"@type\":\"ListItem\",\"position\":3,\"name\":\"Sistema Pol\u00edtico\"}]},{\"@type\":\"WebSite\",\"@id\":\"https:\\\/\\\/www.sanchezlex.com\\\/es\\\/#website\",\"url\":\"https:\\\/\\\/www.sanchezlex.com\\\/es\\\/\",\"name\":\"Sanchez Lex\",\"description\":\"Abogados en Costa Rica\",\"potentialAction\":[{\"@type\":\"SearchAction\",\"target\":{\"@type\":\"EntryPoint\",\"urlTemplate\":\"https:\\\/\\\/www.sanchezlex.com\\\/es\\\/?s={search_term_string}\"},\"query-input\":{\"@type\":\"PropertyValueSpecification\",\"valueRequired\":true,\"valueName\":\"search_term_string\"}}],\"inLanguage\":\"es\"}]}<\/script>\n<!-- \/ Yoast SEO plugin. -->","yoast_head_json":{"title":"Sistema Pol\u00edtico Costa Rica","robots":{"index":"index","follow":"follow","max-snippet":"max-snippet:-1","max-image-preview":"max-image-preview:large","max-video-preview":"max-video-preview:-1"},"canonical":"https:\/\/www.sanchezlex.com\/es\/costa-rica\/sistema-politico\/","og_locale":"es_ES","og_type":"article","og_title":"Sistema Pol\u00edtico Costa Rica","og_description":"[:es]El sistema pol\u00edtico de Costa Rica est\u00e1 organizado como una Rep\u00fablica democr\u00e1tica.[:en]Costa Rica's political system is organized as a democratic Republic.[:]","og_url":"https:\/\/www.sanchezlex.com\/es\/costa-rica\/sistema-politico\/","og_site_name":"Sanchez Lex","article_modified_time":"2015-11-18T17:23:02+00:00","twitter_card":"summary_large_image","twitter_misc":{"Tiempo de lectura":"2 minutos"},"schema":{"@context":"https:\/\/schema.org","@graph":[{"@type":"WebPage","@id":"https:\/\/www.sanchezlex.com\/es\/costa-rica\/sistema-politico\/","url":"https:\/\/www.sanchezlex.com\/es\/costa-rica\/sistema-politico\/","name":"Sistema Pol\u00edtico Costa Rica","isPartOf":{"@id":"https:\/\/www.sanchezlex.com\/es\/#website"},"datePublished":"2015-11-18T17:22:13+00:00","dateModified":"2015-11-18T17:23:02+00:00","breadcrumb":{"@id":"https:\/\/www.sanchezlex.com\/es\/costa-rica\/sistema-politico\/#breadcrumb"},"inLanguage":"es","potentialAction":[{"@type":"ReadAction","target":["https:\/\/www.sanchezlex.com\/es\/costa-rica\/sistema-politico\/"]}]},{"@type":"BreadcrumbList","@id":"https:\/\/www.sanchezlex.com\/es\/costa-rica\/sistema-politico\/#breadcrumb","itemListElement":[{"@type":"ListItem","position":1,"name":"Portada","item":"https:\/\/www.sanchezlex.com\/"},{"@type":"ListItem","position":2,"name":"Costa Rica","item":"https:\/\/www.sanchezlex.com\/es\/costa-rica\/"},{"@type":"ListItem","position":3,"name":"Sistema Pol\u00edtico"}]},{"@type":"WebSite","@id":"https:\/\/www.sanchezlex.com\/es\/#website","url":"https:\/\/www.sanchezlex.com\/es\/","name":"Sanchez Lex","description":"Abogados en Costa Rica","potentialAction":[{"@type":"SearchAction","target":{"@type":"EntryPoint","urlTemplate":"https:\/\/www.sanchezlex.com\/es\/?s={search_term_string}"},"query-input":{"@type":"PropertyValueSpecification","valueRequired":true,"valueName":"search_term_string"}}],"inLanguage":"es"}]}},"_links":{"self":[{"href":"https:\/\/www.sanchezlex.com\/es\/wp-json\/wp\/v2\/pages\/164","targetHints":{"allow":["GET"]}}],"collection":[{"href":"https:\/\/www.sanchezlex.com\/es\/wp-json\/wp\/v2\/pages"}],"about":[{"href":"https:\/\/www.sanchezlex.com\/es\/wp-json\/wp\/v2\/types\/page"}],"author":[{"embeddable":true,"href":"https:\/\/www.sanchezlex.com\/es\/wp-json\/wp\/v2\/users\/2"}],"replies":[{"embeddable":true,"href":"https:\/\/www.sanchezlex.com\/es\/wp-json\/wp\/v2\/comments?post=164"}],"version-history":[{"count":2,"href":"https:\/\/www.sanchezlex.com\/es\/wp-json\/wp\/v2\/pages\/164\/revisions"}],"predecessor-version":[{"id":166,"href":"https:\/\/www.sanchezlex.com\/es\/wp-json\/wp\/v2\/pages\/164\/revisions\/166"}],"up":[{"embeddable":true,"href":"https:\/\/www.sanchezlex.com\/es\/wp-json\/wp\/v2\/pages\/144"}],"wp:attachment":[{"href":"https:\/\/www.sanchezlex.com\/es\/wp-json\/wp\/v2\/media?parent=164"}],"curies":[{"name":"wp","href":"https:\/\/api.w.org\/{rel}","templated":true}]}}

Sistema Político

<div class="wpb-content-wrapper">[vc_row][vc_column][vc_column_text]
<p style="text-align: justify;">El sistema político de Costa Rica está organizado como una República democrática.</p>
<p>Hay tres Poderes básicos: un Poder Ejecutivo, un Poder Legislativo (el cual es unicameral) y un Poder Judicial. Una cuarta entidad (casi un Poder por sí mismo), denominada Tribunal Supremo de Elecciones, está a cargo de todos los asuntos relacionados con los procesos electorales en el país.</p>
<p>El <strong>Poder Ejecutivo</strong> está formado por el Presidente (quien es a la vez Jefe de Estado y Jefe de Gobierno), los dos Vicepresidentes y los Ministros, los cuales son nombrados por el Presidente.</p>
<p>El <strong>Poder Legislativo</strong> está compuesto por un Congreso (de una sola cámara) el cual está conformado por cincuenta y siete Diputados. Cada una de las Provincias tiene un número de escaños proporcional a su población.</p>
<p>El <strong>Poder Judicial</strong> es dirigido por una Corte Suprema, la cual dirige el sistema de tribunales del país, y la cual está compuesta por veintidós magistrados que son electos por el Congreso por términos de ocho años.</p>
<p>Las elecciones nacionales se llevan a cabo cada cuatro años para elegir un Presidente y dos Vicepresidentes, los cincuenta y siete miembros del Congreso y los miembros de cada Concejo Municipal. La próxima elección nacional se llevará a cabo el 5 de Febrero del 2006. Un año después de dichas elecciones, se lleva a cabo una elección para elegir al Alcalde de cada Cantón.</p>
[/vc_column_text][/vc_column][/vc_row]
</div>

<p>El sistema político de Costa Rica está organizado como una República democrática.</p>

<!-- This site is optimized with the Yoast SEO plugin v28.1 - https://yoast.com/product/yoast-seo-wordpress/ -->
<title>Sistema Político Costa Rica</title>
<meta name="robots" content="index, follow, max-snippet:-1, max-image-preview:large, max-video-preview:-1" />
<link rel="canonical" href="https://www.sanchezlex.com/es/costa-rica/sistema-politico/" />
<meta property="og:locale" content="es_ES" />
<meta property="og:type" content="article" />
<meta property="og:title" content="Sistema Político Costa Rica" />
<meta property="og:description" content="[:es]El sistema político de Costa Rica está organizado como una República democrática.[:en]Costa Rica&#039;s political system is organized as a democratic Republic.[:]" />
<meta property="og:url" content="https://www.sanchezlex.com/es/costa-rica/sistema-politico/" />
<meta property="og:site_name" content="Sanchez Lex" />
<meta property="article:modified_time" content="2015-11-18T17:23:02+00:00" />
<meta name="twitter:card" content="summary_large_image" />
<meta name="twitter:label1" content="Tiempo de lectura" />
	<meta name="twitter:data1" content="2 minutos" />
<script type="application/ld+json" class="yoast-schema-graph">{"@context":"https:\/\/schema.org","@graph":[{"@type":"WebPage","@id":"https:\/\/www.sanchezlex.com\/es\/costa-rica\/sistema-politico\/","url":"https:\/\/www.sanchezlex.com\/es\/costa-rica\/sistema-politico\/","name":"Sistema Político Costa Rica","isPartOf":{"@id":"https:\/\/www.sanchezlex.com\/es\/#website"},"datePublished":"2015-11-18T17:22:13+00:00","dateModified":"2015-11-18T17:23:02+00:00","breadcrumb":{"@id":"https:\/\/www.sanchezlex.com\/es\/costa-rica\/sistema-politico\/#breadcrumb"},"inLanguage":"es","potentialAction":[{"@type":"ReadAction","target":["https:\/\/www.sanchezlex.com\/es\/costa-rica\/sistema-politico\/"]}]},{"@type":"BreadcrumbList","@id":"https:\/\/www.sanchezlex.com\/es\/costa-rica\/sistema-politico\/#breadcrumb","itemListElement":[{"@type":"ListItem","position":1,"name":"Portada","item":"https:\/\/www.sanchezlex.com\/"},{"@type":"ListItem","position":2,"name":"Costa Rica","item":"https:\/\/www.sanchezlex.com\/es\/costa-rica\/"},{"@type":"ListItem","position":3,"name":"Sistema Político"}]},{"@type":"WebSite","@id":"https:\/\/www.sanchezlex.com\/es\/#website","url":"https:\/\/www.sanchezlex.com\/es\/","name":"Sanchez Lex","description":"Abogados en Costa Rica","potentialAction":[{"@type":"SearchAction","target":{"@type":"EntryPoint","urlTemplate":"https:\/\/www.sanchezlex.com\/es\/?s={search_term_string}"},"query-input":{"@type":"PropertyValueSpecification","valueRequired":true,"valueName":"search_term_string"}}],"inLanguage":"es"}]}</script>
<!-- / Yoast SEO plugin. -->

Sistema Político Costa Rica

[:es]El sistema político de Costa Rica está organizado como una República democrática.[:en]Costa Rica's political system is organized as a democratic Republic.[:]
