{"id":167,"date":"2015-11-18T11:27:11","date_gmt":"2015-11-18T17:27:11","guid":{"rendered":"http:\/\/www.sanchezlex.com\/?page_id=167"},"modified":"2015-11-18T11:33:21","modified_gmt":"2015-11-18T17:33:21","slug":"historia","status":"publish","type":"page","link":"https:\/\/www.sanchezlex.com\/es\/costa-rica\/historia\/","title":{"rendered":"Historia"},"content":{"rendered":"<div class=\"wpb-content-wrapper\">[vc_row][vc_column][vc_column_text]\n<p style=\"text-align: justify;\">Para efectos ilustrativos, hemos incluidos un sumario de la Historia de Costa Rica, el cual contiene una descripci\u00f3n de los principales per\u00edodos y eventos del desarrollo del pa\u00eds. Las denominaciones de per\u00edodos usadas en esta secci\u00f3n son meramente para efectos descriptivos.<\/p>\n[\/vc_column_text][\/vc_column][\/vc_row][vc_row][vc_column]\n\t<div class=\"child-page-wrapper\">\n\t\t<div class=\"grid-wrapper grid-3-columns grid-row \">\n\t\t\t<div class=\"grid-item grid-sm-6 grid-md-4\">\n\t\t\t\t<h2 class=\"grid-title\"><a href=\"https:\/\/www.sanchezlex.com\/es\/costa-rica\/historia\/el-periodo-precolombino\/\" rel=\"bookmark\">El Per\u00edodo Precolombino<\/a><\/h2>\n\n\t\t\t\t<p>A\u00fan y cuando la evidencia existente muestra que el continente americano fue habitado aproximadamente 40,000 a\u00f1os A.C.<\/p>\n\n\t\t\t\t<a class=\"grid-more\" href=\"https:\/\/www.sanchezlex.com\/es\/costa-rica\/historia\/el-periodo-precolombino\/\" title=\"El Per\u00edodo Precolombino\">Leer M\u00e1s<\/a>\n\n\t\t\t<\/div>\n\t\t\t\n\t\t\t<div class=\"grid-item grid-sm-6 grid-md-4\">\n\t\t\t\t<h2 class=\"grid-title\"><a href=\"https:\/\/www.sanchezlex.com\/es\/costa-rica\/historia\/el-arribo-de-los-espanoles\/\" rel=\"bookmark\">El Arribo de los Espa\u00f1oles<\/a><\/h2>\n\n\t\t\t\t<p>Durante sus viajes a lo que ser\u00eda llamado el Nuevo Mundo, Crist\u00f3bal Col\u00f3n arrib\u00f3 a Costa Rica el 18 de Septiembre de 1502.<\/p>\n\n\t\t\t\t<a class=\"grid-more\" href=\"https:\/\/www.sanchezlex.com\/es\/costa-rica\/historia\/el-arribo-de-los-espanoles\/\" title=\"El Arribo de los Espa\u00f1oles\">Leer M\u00e1s<\/a>\n\n\t\t\t<\/div>\n\t\t\t\n\t\t\t<div class=\"grid-item grid-sm-6 grid-md-4\">\n\t\t\t\t<h2 class=\"grid-title\"><a href=\"https:\/\/www.sanchezlex.com\/es\/costa-rica\/historia\/la-conquista-de-costa-rica\/\" rel=\"bookmark\">La Conquista de Costa Rica<\/a><\/h2>\n\n\t\t\t\t<p>El proceso de la conquista de Costa Rica y el dominio de las tribus nativas se divide normalmente en dos fases.<\/p>\n\n\t\t\t\t<a class=\"grid-more\" href=\"https:\/\/www.sanchezlex.com\/es\/costa-rica\/historia\/la-conquista-de-costa-rica\/\" title=\"La Conquista de Costa Rica\">Leer M\u00e1s<\/a>\n\n\t\t\t<\/div>\n\t\t\t\n\t\t\t\t<div class=\"clear\"><\/div>\n\t\t\t<div class=\"grid-item grid-sm-6 grid-md-4\">\n\t\t\t\t<h2 class=\"grid-title\"><a href=\"https:\/\/www.sanchezlex.com\/es\/costa-rica\/historia\/el-periodo-colonial\/\" rel=\"bookmark\">El Per\u00edodo Colonial<\/a><\/h2>\n\n\t\t\t\t<p>Para finales del siglo XVI el proceso de poblamiento de las \u00e1reas al oeste de Cartago comenz\u00f3.<\/p>\n\n\t\t\t\t<a class=\"grid-more\" href=\"https:\/\/www.sanchezlex.com\/es\/costa-rica\/historia\/el-periodo-colonial\/\" title=\"El Per\u00edodo Colonial\">Leer M\u00e1s<\/a>\n\n\t\t\t<\/div>\n\t\t\t\n\t\t\t<div class=\"grid-item grid-sm-6 grid-md-4\">\n\t\t\t\t<h2 class=\"grid-title\"><a href=\"https:\/\/www.sanchezlex.com\/es\/costa-rica\/historia\/la-independencia\/\" rel=\"bookmark\">La Independencia<\/a><\/h2>\n\n\t\t\t\t<p>El 15 de Septiembre de 1821 se declar\u00f3 la Independencia de Espa\u00f1a, noticia que lleg\u00f3 a Costa Rica el 13 de Octubre de ese a\u00f1o.<\/p>\n\n\t\t\t\t<a class=\"grid-more\" href=\"https:\/\/www.sanchezlex.com\/es\/costa-rica\/historia\/la-independencia\/\" title=\"La Independencia\">Leer M\u00e1s<\/a>\n\n\t\t\t<\/div>\n\t\t\t\n\t\t\t<div class=\"grid-item grid-sm-6 grid-md-4\">\n\t\t\t\t<h2 class=\"grid-title\"><a href=\"https:\/\/www.sanchezlex.com\/es\/costa-rica\/historia\/la-republica\/\" rel=\"bookmark\">La Rep\u00fablica<\/a><\/h2>\n\n\t\t\t\t<p>Para 1848 la actividad econ\u00f3mica de Costa Rica estaba centrada en la agricultura con el caf\u00e9 siendo su principal producto de exportaci\u00f3n.<\/p>\n\n\t\t\t\t<a class=\"grid-more\" href=\"https:\/\/www.sanchezlex.com\/es\/costa-rica\/historia\/la-republica\/\" title=\"La Rep\u00fablica\">Leer M\u00e1s<\/a>\n\n\t\t\t<\/div>\n\t\t\t\n\t\t\t\t<div class=\"clear\"><\/div>\n\t\t\t<div class=\"grid-item grid-sm-6 grid-md-4\">\n\t\t\t\t<h2 class=\"grid-title\"><a href=\"https:\/\/www.sanchezlex.com\/es\/costa-rica\/historia\/el-estado-liberal\/\" rel=\"bookmark\">El Estado Liberal<\/a><\/h2>\n\n\t\t\t\t<p>En 1871 una nueva Constituci\u00f3n Liberal es aprobada, originando una serie de cambios sociales.<\/p>\n\n\t\t\t\t<a class=\"grid-more\" href=\"https:\/\/www.sanchezlex.com\/es\/costa-rica\/historia\/el-estado-liberal\/\" title=\"El Estado Liberal\">Leer M\u00e1s<\/a>\n\n\t\t\t<\/div>\n\t\t\t\n\t\t\t<div class=\"grid-item grid-sm-6 grid-md-4\">\n\t\t\t\t<h2 class=\"grid-title\"><a href=\"https:\/\/www.sanchezlex.com\/es\/costa-rica\/historia\/la-reforma-social\/\" rel=\"bookmark\">La Reforma Social<\/a><\/h2>\n\n\t\t\t\t<p>Comenzando en los a\u00f1os 1930, la presi\u00f3n social por cambios sociales empez\u00f3 a acumularse.<\/p>\n\n\t\t\t\t<a class=\"grid-more\" href=\"https:\/\/www.sanchezlex.com\/es\/costa-rica\/historia\/la-reforma-social\/\" title=\"La Reforma Social\">Leer M\u00e1s<\/a>\n\n\t\t\t<\/div>\n\t\t\t\n\t\t\t<div class=\"grid-item grid-sm-6 grid-md-4\">\n\t\t\t\t<h2 class=\"grid-title\"><a href=\"https:\/\/www.sanchezlex.com\/es\/costa-rica\/historia\/costa-rica-contemporanea\/\" rel=\"bookmark\">Costa Rica contempor\u00e1nea<\/a><\/h2>\n\n\t\t\t\t<p>Despu\u00e9s de la Guerra Civil de 1948, los a\u00f1os de las d\u00e9cadas de 1950 y 1960 estuvieron caracterizados por una clara estrategia pol\u00edtica.<\/p>\n\n\t\t\t\t<a class=\"grid-more\" href=\"https:\/\/www.sanchezlex.com\/es\/costa-rica\/historia\/costa-rica-contemporanea\/\" title=\"Costa Rica contempor\u00e1nea\">Leer M\u00e1s<\/a>\n\n\t\t\t<\/div>\n\t\t\t\n\t\t\t\t<div class=\"clear\"><\/div>\n\t\t<\/div>\n\t<\/div>[\/vc_column][\/vc_row]\n<\/div>","protected":false},"excerpt":{"rendered":"<p>Para efectos ilustrativos, hemos incluidos un sumario de la Historia de Costa Rica.<\/p>\n","protected":false},"author":2,"featured_media":0,"parent":144,"menu_order":0,"comment_status":"closed","ping_status":"closed","template":"","meta":{"_acf_changed":false,"rs_blank_template":"","rs_page_bg_color":"","slide_template_v7":"","footnotes":""},"class_list":["post-167","page","type-page","status-publish","hentry"],"acf":[],"yoast_head":"<!-- This site is optimized with the Yoast SEO plugin v28.1 - https:\/\/yoast.com\/product\/yoast-seo-wordpress\/ -->\n<title>Historia Costa Rica<\/title>\n<meta name=\"robots\" content=\"index, follow, max-snippet:-1, max-image-preview:large, max-video-preview:-1\" \/>\n<link rel=\"canonical\" href=\"https:\/\/www.sanchezlex.com\/es\/costa-rica\/historia\/\" \/>\n<meta property=\"og:locale\" content=\"es_ES\" \/>\n<meta property=\"og:type\" content=\"article\" \/>\n<meta property=\"og:title\" content=\"Historia Costa Rica\" \/>\n<meta property=\"og:description\" content=\"[:es]Para efectos ilustrativos, hemos incluidos un sumario de la Historia de Costa Rica.[:en]For illustrative purposes, we have included a summary of the History of Costa Rica.[:]\" \/>\n<meta property=\"og:url\" content=\"https:\/\/www.sanchezlex.com\/es\/costa-rica\/historia\/\" \/>\n<meta property=\"og:site_name\" content=\"Sanchez Lex\" \/>\n<meta property=\"article:modified_time\" content=\"2015-11-18T17:33:21+00:00\" \/>\n<meta name=\"twitter:card\" content=\"summary_large_image\" \/>\n<meta name=\"twitter:label1\" content=\"Tiempo de lectura\" \/>\n\t<meta name=\"twitter:data1\" content=\"1 minuto\" \/>\n<script type=\"application\/ld+json\" class=\"yoast-schema-graph\">{\"@context\":\"https:\\\/\\\/schema.org\",\"@graph\":[{\"@type\":\"WebPage\",\"@id\":\"https:\\\/\\\/www.sanchezlex.com\\\/es\\\/costa-rica\\\/historia\\\/\",\"url\":\"https:\\\/\\\/www.sanchezlex.com\\\/es\\\/costa-rica\\\/historia\\\/\",\"name\":\"Historia Costa Rica\",\"isPartOf\":{\"@id\":\"https:\\\/\\\/www.sanchezlex.com\\\/es\\\/#website\"},\"datePublished\":\"2015-11-18T17:27:11+00:00\",\"dateModified\":\"2015-11-18T17:33:21+00:00\",\"breadcrumb\":{\"@id\":\"https:\\\/\\\/www.sanchezlex.com\\\/es\\\/costa-rica\\\/historia\\\/#breadcrumb\"},\"inLanguage\":\"es\",\"potentialAction\":[{\"@type\":\"ReadAction\",\"target\":[\"https:\\\/\\\/www.sanchezlex.com\\\/es\\\/costa-rica\\\/historia\\\/\"]}]},{\"@type\":\"BreadcrumbList\",\"@id\":\"https:\\\/\\\/www.sanchezlex.com\\\/es\\\/costa-rica\\\/historia\\\/#breadcrumb\",\"itemListElement\":[{\"@type\":\"ListItem\",\"position\":1,\"name\":\"Portada\",\"item\":\"https:\\\/\\\/www.sanchezlex.com\\\/\"},{\"@type\":\"ListItem\",\"position\":2,\"name\":\"Costa Rica\",\"item\":\"https:\\\/\\\/www.sanchezlex.com\\\/es\\\/costa-rica\\\/\"},{\"@type\":\"ListItem\",\"position\":3,\"name\":\"Historia\"}]},{\"@type\":\"WebSite\",\"@id\":\"https:\\\/\\\/www.sanchezlex.com\\\/es\\\/#website\",\"url\":\"https:\\\/\\\/www.sanchezlex.com\\\/es\\\/\",\"name\":\"Sanchez Lex\",\"description\":\"Abogados en Costa Rica\",\"potentialAction\":[{\"@type\":\"SearchAction\",\"target\":{\"@type\":\"EntryPoint\",\"urlTemplate\":\"https:\\\/\\\/www.sanchezlex.com\\\/es\\\/?s={search_term_string}\"},\"query-input\":{\"@type\":\"PropertyValueSpecification\",\"valueRequired\":true,\"valueName\":\"search_term_string\"}}],\"inLanguage\":\"es\"}]}<\/script>\n<!-- \/ Yoast SEO plugin. -->","yoast_head_json":{"title":"Historia Costa Rica","robots":{"index":"index","follow":"follow","max-snippet":"max-snippet:-1","max-image-preview":"max-image-preview:large","max-video-preview":"max-video-preview:-1"},"canonical":"https:\/\/www.sanchezlex.com\/es\/costa-rica\/historia\/","og_locale":"es_ES","og_type":"article","og_title":"Historia Costa Rica","og_description":"[:es]Para efectos ilustrativos, hemos incluidos un sumario de la Historia de Costa Rica.[:en]For illustrative purposes, we have included a summary of the History of Costa Rica.[:]","og_url":"https:\/\/www.sanchezlex.com\/es\/costa-rica\/historia\/","og_site_name":"Sanchez Lex","article_modified_time":"2015-11-18T17:33:21+00:00","twitter_card":"summary_large_image","twitter_misc":{"Tiempo de lectura":"1 minuto"},"schema":{"@context":"https:\/\/schema.org","@graph":[{"@type":"WebPage","@id":"https:\/\/www.sanchezlex.com\/es\/costa-rica\/historia\/","url":"https:\/\/www.sanchezlex.com\/es\/costa-rica\/historia\/","name":"Historia Costa Rica","isPartOf":{"@id":"https:\/\/www.sanchezlex.com\/es\/#website"},"datePublished":"2015-11-18T17:27:11+00:00","dateModified":"2015-11-18T17:33:21+00:00","breadcrumb":{"@id":"https:\/\/www.sanchezlex.com\/es\/costa-rica\/historia\/#breadcrumb"},"inLanguage":"es","potentialAction":[{"@type":"ReadAction","target":["https:\/\/www.sanchezlex.com\/es\/costa-rica\/historia\/"]}]},{"@type":"BreadcrumbList","@id":"https:\/\/www.sanchezlex.com\/es\/costa-rica\/historia\/#breadcrumb","itemListElement":[{"@type":"ListItem","position":1,"name":"Portada","item":"https:\/\/www.sanchezlex.com\/"},{"@type":"ListItem","position":2,"name":"Costa Rica","item":"https:\/\/www.sanchezlex.com\/es\/costa-rica\/"},{"@type":"ListItem","position":3,"name":"Historia"}]},{"@type":"WebSite","@id":"https:\/\/www.sanchezlex.com\/es\/#website","url":"https:\/\/www.sanchezlex.com\/es\/","name":"Sanchez Lex","description":"Abogados en Costa Rica","potentialAction":[{"@type":"SearchAction","target":{"@type":"EntryPoint","urlTemplate":"https:\/\/www.sanchezlex.com\/es\/?s={search_term_string}"},"query-input":{"@type":"PropertyValueSpecification","valueRequired":true,"valueName":"search_term_string"}}],"inLanguage":"es"}]}},"_links":{"self":[{"href":"https:\/\/www.sanchezlex.com\/es\/wp-json\/wp\/v2\/pages\/167","targetHints":{"allow":["GET"]}}],"collection":[{"href":"https:\/\/www.sanchezlex.com\/es\/wp-json\/wp\/v2\/pages"}],"about":[{"href":"https:\/\/www.sanchezlex.com\/es\/wp-json\/wp\/v2\/types\/page"}],"author":[{"embeddable":true,"href":"https:\/\/www.sanchezlex.com\/es\/wp-json\/wp\/v2\/users\/2"}],"replies":[{"embeddable":true,"href":"https:\/\/www.sanchezlex.com\/es\/wp-json\/wp\/v2\/comments?post=167"}],"version-history":[{"count":3,"href":"https:\/\/www.sanchezlex.com\/es\/wp-json\/wp\/v2\/pages\/167\/revisions"}],"predecessor-version":[{"id":170,"href":"https:\/\/www.sanchezlex.com\/es\/wp-json\/wp\/v2\/pages\/167\/revisions\/170"}],"up":[{"embeddable":true,"href":"https:\/\/www.sanchezlex.com\/es\/wp-json\/wp\/v2\/pages\/144"}],"wp:attachment":[{"href":"https:\/\/www.sanchezlex.com\/es\/wp-json\/wp\/v2\/media?parent=167"}],"curies":[{"name":"wp","href":"https:\/\/api.w.org\/{rel}","templated":true}]}}

<div class="wpb-content-wrapper">[vc_row][vc_column][vc_column_text]
<p style="text-align: justify;">Para efectos ilustrativos, hemos incluidos un sumario de la Historia de Costa Rica, el cual contiene una descripción de los principales períodos y eventos del desarrollo del país. Las denominaciones de períodos usadas en esta sección son meramente para efectos descriptivos.</p>
[/vc_column_text][/vc_column][/vc_row][vc_row][vc_column]
	<div class="child-page-wrapper">
		<div class="grid-wrapper grid-3-columns grid-row ">
			<div class="grid-item grid-sm-6 grid-md-4">
				<h2 class="grid-title"><a href="https://www.sanchezlex.com/es/costa-rica/historia/el-periodo-precolombino/" rel="bookmark">El Período Precolombino</a></h2>

				<p>Aún y cuando la evidencia existente muestra que el continente americano fue habitado aproximadamente 40,000 años A.C.</p>

				<a class="grid-more" href="https://www.sanchezlex.com/es/costa-rica/historia/el-periodo-precolombino/" title="El Período Precolombino">Leer Más</a>

			</div>
			
			<div class="grid-item grid-sm-6 grid-md-4">
				<h2 class="grid-title"><a href="https://www.sanchezlex.com/es/costa-rica/historia/el-arribo-de-los-espanoles/" rel="bookmark">El Arribo de los Españoles</a></h2>

				<p>Durante sus viajes a lo que sería llamado el Nuevo Mundo, Cristóbal Colón arribó a Costa Rica el 18 de Septiembre de 1502.</p>

				<a class="grid-more" href="https://www.sanchezlex.com/es/costa-rica/historia/el-arribo-de-los-espanoles/" title="El Arribo de los Españoles">Leer Más</a>

			</div>
			
			<div class="grid-item grid-sm-6 grid-md-4">
				<h2 class="grid-title"><a href="https://www.sanchezlex.com/es/costa-rica/historia/la-conquista-de-costa-rica/" rel="bookmark">La Conquista de Costa Rica</a></h2>

				<p>El proceso de la conquista de Costa Rica y el dominio de las tribus nativas se divide normalmente en dos fases.</p>

				<a class="grid-more" href="https://www.sanchezlex.com/es/costa-rica/historia/la-conquista-de-costa-rica/" title="La Conquista de Costa Rica">Leer Más</a>

			</div>
			
				<div class="clear"></div>
			<div class="grid-item grid-sm-6 grid-md-4">
				<h2 class="grid-title"><a href="https://www.sanchezlex.com/es/costa-rica/historia/el-periodo-colonial/" rel="bookmark">El Período Colonial</a></h2>

				<p>Para finales del siglo XVI el proceso de poblamiento de las áreas al oeste de Cartago comenzó.</p>

				<a class="grid-more" href="https://www.sanchezlex.com/es/costa-rica/historia/el-periodo-colonial/" title="El Período Colonial">Leer Más</a>

			</div>
			
			<div class="grid-item grid-sm-6 grid-md-4">
				<h2 class="grid-title"><a href="https://www.sanchezlex.com/es/costa-rica/historia/la-independencia/" rel="bookmark">La Independencia</a></h2>

				<p>El 15 de Septiembre de 1821 se declaró la Independencia de España, noticia que llegó a Costa Rica el 13 de Octubre de ese año.</p>

				<a class="grid-more" href="https://www.sanchezlex.com/es/costa-rica/historia/la-independencia/" title="La Independencia">Leer Más</a>

			</div>
			
			<div class="grid-item grid-sm-6 grid-md-4">
				<h2 class="grid-title"><a href="https://www.sanchezlex.com/es/costa-rica/historia/la-republica/" rel="bookmark">La República</a></h2>

				<p>Para 1848 la actividad económica de Costa Rica estaba centrada en la agricultura con el café siendo su principal producto de exportación.</p>

				<a class="grid-more" href="https://www.sanchezlex.com/es/costa-rica/historia/la-republica/" title="La República">Leer Más</a>

			</div>
			
				<div class="clear"></div>
			<div class="grid-item grid-sm-6 grid-md-4">
				<h2 class="grid-title"><a href="https://www.sanchezlex.com/es/costa-rica/historia/el-estado-liberal/" rel="bookmark">El Estado Liberal</a></h2>

				<p>En 1871 una nueva Constitución Liberal es aprobada, originando una serie de cambios sociales.</p>

				<a class="grid-more" href="https://www.sanchezlex.com/es/costa-rica/historia/el-estado-liberal/" title="El Estado Liberal">Leer Más</a>

			</div>
			
			<div class="grid-item grid-sm-6 grid-md-4">
				<h2 class="grid-title"><a href="https://www.sanchezlex.com/es/costa-rica/historia/la-reforma-social/" rel="bookmark">La Reforma Social</a></h2>

				<p>Comenzando en los años 1930, la presión social por cambios sociales empezó a acumularse.</p>

				<a class="grid-more" href="https://www.sanchezlex.com/es/costa-rica/historia/la-reforma-social/" title="La Reforma Social">Leer Más</a>

			</div>
			
			<div class="grid-item grid-sm-6 grid-md-4">
				<h2 class="grid-title"><a href="https://www.sanchezlex.com/es/costa-rica/historia/costa-rica-contemporanea/" rel="bookmark">Costa Rica contemporánea</a></h2>

				<p>Después de la Guerra Civil de 1948, los años de las décadas de 1950 y 1960 estuvieron caracterizados por una clara estrategia política.</p>

				<a class="grid-more" href="https://www.sanchezlex.com/es/costa-rica/historia/costa-rica-contemporanea/" title="Costa Rica contemporánea">Leer Más</a>

			</div>
			
				<div class="clear"></div>
		</div>
	</div>[/vc_column][/vc_row]
</div>
