{"id":179,"date":"2015-11-18T12:14:23","date_gmt":"2015-11-18T18:14:23","guid":{"rendered":"http:\/\/www.sanchezlex.com\/?page_id=179"},"modified":"2015-11-18T12:14:23","modified_gmt":"2015-11-18T18:14:23","slug":"el-periodo-colonial","status":"publish","type":"page","link":"https:\/\/www.sanchezlex.com\/es\/costa-rica\/historia\/el-periodo-colonial\/","title":{"rendered":"El Per\u00edodo Colonial"},"content":{"rendered":"<div class=\"wpb-content-wrapper\">[vc_row][vc_column][vc_column_text]\n<p style=\"text-align: justify;\">Para finales del siglo XVI el proceso de poblamiento de las \u00e1reas al oeste de Cartago comenz\u00f3, y de ah\u00ed en adelante la colonizaci\u00f3n de la Provincia de Costa Rica continu\u00f3 durante los siglos XVII y XVIII, aun ritmo m\u00e1s bien lento. Siendo una tierra carente de metales preciosos y otros recursos valuables, Costa Rica era un lugar m\u00e1s bien pobre.<\/p>\n<p>El per\u00edodo colonial en Costa Rica fue diferente al de otros pa\u00edses. Los colonos tuvieron que trabajar ellos mismos y plantar lo que com\u00edan, debido a que la mano de obra nativa era escasa y la situaci\u00f3n econ\u00f3mica era bastante pobre. Dicha escasez afect\u00f3 a\u00fan a la moneda, la cual en ocasiones deb\u00eda ser sustituida con el equivalente nativo de granos de cacao. Para el final del siglo XVIII la primeras semillas de caf\u00e9 son introducidas al pa\u00eds.<\/p>\n<p>A comienzos del siglos XIX Costa Rica era parte de la Capitan\u00eda General de Guatemala, la entidad administrativa a cargo de las tierras de Am\u00e9rica Central.<\/p>\n[\/vc_column_text][\/vc_column][\/vc_row]\n<\/div>","protected":false},"excerpt":{"rendered":"<p>Para finales del siglo XVI el proceso de poblamiento de las \u00e1reas al oeste de Cartago comenz\u00f3.<\/p>\n","protected":false},"author":2,"featured_media":0,"parent":167,"menu_order":0,"comment_status":"closed","ping_status":"closed","template":"","meta":{"_acf_changed":false,"rs_blank_template":"","rs_page_bg_color":"","slide_template_v7":"","footnotes":""},"class_list":["post-179","page","type-page","status-publish","hentry"],"acf":[],"yoast_head":"<!-- This site is optimized with the Yoast SEO plugin v28.1 - https:\/\/yoast.com\/product\/yoast-seo-wordpress\/ -->\n<title>El Per\u00edodo Colonial Costa Rica<\/title>\n<meta name=\"robots\" content=\"index, follow, max-snippet:-1, max-image-preview:large, max-video-preview:-1\" \/>\n<link rel=\"canonical\" href=\"https:\/\/www.sanchezlex.com\/es\/costa-rica\/historia\/el-periodo-colonial\/\" \/>\n<meta property=\"og:locale\" content=\"es_ES\" \/>\n<meta property=\"og:type\" content=\"article\" \/>\n<meta property=\"og:title\" content=\"El Per\u00edodo Colonial Costa Rica\" \/>\n<meta property=\"og:description\" content=\"[:es]Para finales del siglo XVI el proceso de poblamiento de las \u00e1reas al oeste de Cartago comenz\u00f3.[:en]By the late XVI century the inhabitation of the areas west of Cartago started.[:]\" \/>\n<meta property=\"og:url\" content=\"https:\/\/www.sanchezlex.com\/es\/costa-rica\/historia\/el-periodo-colonial\/\" \/>\n<meta property=\"og:site_name\" content=\"Sanchez Lex\" \/>\n<meta name=\"twitter:card\" content=\"summary_large_image\" \/>\n<meta name=\"twitter:label1\" content=\"Tiempo de lectura\" \/>\n\t<meta name=\"twitter:data1\" content=\"2 minutos\" \/>\n<script type=\"application\/ld+json\" class=\"yoast-schema-graph\">{\"@context\":\"https:\\\/\\\/schema.org\",\"@graph\":[{\"@type\":\"WebPage\",\"@id\":\"https:\\\/\\\/www.sanchezlex.com\\\/es\\\/costa-rica\\\/historia\\\/el-periodo-colonial\\\/\",\"url\":\"https:\\\/\\\/www.sanchezlex.com\\\/es\\\/costa-rica\\\/historia\\\/el-periodo-colonial\\\/\",\"name\":\"El Per\u00edodo Colonial Costa Rica\",\"isPartOf\":{\"@id\":\"https:\\\/\\\/www.sanchezlex.com\\\/es\\\/#website\"},\"datePublished\":\"2015-11-18T18:14:23+00:00\",\"breadcrumb\":{\"@id\":\"https:\\\/\\\/www.sanchezlex.com\\\/es\\\/costa-rica\\\/historia\\\/el-periodo-colonial\\\/#breadcrumb\"},\"inLanguage\":\"es\",\"potentialAction\":[{\"@type\":\"ReadAction\",\"target\":[\"https:\\\/\\\/www.sanchezlex.com\\\/es\\\/costa-rica\\\/historia\\\/el-periodo-colonial\\\/\"]}]},{\"@type\":\"BreadcrumbList\",\"@id\":\"https:\\\/\\\/www.sanchezlex.com\\\/es\\\/costa-rica\\\/historia\\\/el-periodo-colonial\\\/#breadcrumb\",\"itemListElement\":[{\"@type\":\"ListItem\",\"position\":1,\"name\":\"Portada\",\"item\":\"https:\\\/\\\/www.sanchezlex.com\\\/\"},{\"@type\":\"ListItem\",\"position\":2,\"name\":\"Costa Rica\",\"item\":\"https:\\\/\\\/www.sanchezlex.com\\\/es\\\/costa-rica\\\/\"},{\"@type\":\"ListItem\",\"position\":3,\"name\":\"Historia\",\"item\":\"https:\\\/\\\/www.sanchezlex.com\\\/es\\\/costa-rica\\\/historia\\\/\"},{\"@type\":\"ListItem\",\"position\":4,\"name\":\"El Per\u00edodo Colonial\"}]},{\"@type\":\"WebSite\",\"@id\":\"https:\\\/\\\/www.sanchezlex.com\\\/es\\\/#website\",\"url\":\"https:\\\/\\\/www.sanchezlex.com\\\/es\\\/\",\"name\":\"Sanchez Lex\",\"description\":\"Abogados en Costa Rica\",\"potentialAction\":[{\"@type\":\"SearchAction\",\"target\":{\"@type\":\"EntryPoint\",\"urlTemplate\":\"https:\\\/\\\/www.sanchezlex.com\\\/es\\\/?s={search_term_string}\"},\"query-input\":{\"@type\":\"PropertyValueSpecification\",\"valueRequired\":true,\"valueName\":\"search_term_string\"}}],\"inLanguage\":\"es\"}]}<\/script>\n<!-- \/ Yoast SEO plugin. -->","yoast_head_json":{"title":"El Per\u00edodo Colonial Costa Rica","robots":{"index":"index","follow":"follow","max-snippet":"max-snippet:-1","max-image-preview":"max-image-preview:large","max-video-preview":"max-video-preview:-1"},"canonical":"https:\/\/www.sanchezlex.com\/es\/costa-rica\/historia\/el-periodo-colonial\/","og_locale":"es_ES","og_type":"article","og_title":"El Per\u00edodo Colonial Costa Rica","og_description":"[:es]Para finales del siglo XVI el proceso de poblamiento de las \u00e1reas al oeste de Cartago comenz\u00f3.[:en]By the late XVI century the inhabitation of the areas west of Cartago started.[:]","og_url":"https:\/\/www.sanchezlex.com\/es\/costa-rica\/historia\/el-periodo-colonial\/","og_site_name":"Sanchez Lex","twitter_card":"summary_large_image","twitter_misc":{"Tiempo de lectura":"2 minutos"},"schema":{"@context":"https:\/\/schema.org","@graph":[{"@type":"WebPage","@id":"https:\/\/www.sanchezlex.com\/es\/costa-rica\/historia\/el-periodo-colonial\/","url":"https:\/\/www.sanchezlex.com\/es\/costa-rica\/historia\/el-periodo-colonial\/","name":"El Per\u00edodo Colonial Costa Rica","isPartOf":{"@id":"https:\/\/www.sanchezlex.com\/es\/#website"},"datePublished":"2015-11-18T18:14:23+00:00","breadcrumb":{"@id":"https:\/\/www.sanchezlex.com\/es\/costa-rica\/historia\/el-periodo-colonial\/#breadcrumb"},"inLanguage":"es","potentialAction":[{"@type":"ReadAction","target":["https:\/\/www.sanchezlex.com\/es\/costa-rica\/historia\/el-periodo-colonial\/"]}]},{"@type":"BreadcrumbList","@id":"https:\/\/www.sanchezlex.com\/es\/costa-rica\/historia\/el-periodo-colonial\/#breadcrumb","itemListElement":[{"@type":"ListItem","position":1,"name":"Portada","item":"https:\/\/www.sanchezlex.com\/"},{"@type":"ListItem","position":2,"name":"Costa Rica","item":"https:\/\/www.sanchezlex.com\/es\/costa-rica\/"},{"@type":"ListItem","position":3,"name":"Historia","item":"https:\/\/www.sanchezlex.com\/es\/costa-rica\/historia\/"},{"@type":"ListItem","position":4,"name":"El Per\u00edodo Colonial"}]},{"@type":"WebSite","@id":"https:\/\/www.sanchezlex.com\/es\/#website","url":"https:\/\/www.sanchezlex.com\/es\/","name":"Sanchez Lex","description":"Abogados en Costa Rica","potentialAction":[{"@type":"SearchAction","target":{"@type":"EntryPoint","urlTemplate":"https:\/\/www.sanchezlex.com\/es\/?s={search_term_string}"},"query-input":{"@type":"PropertyValueSpecification","valueRequired":true,"valueName":"search_term_string"}}],"inLanguage":"es"}]}},"_links":{"self":[{"href":"https:\/\/www.sanchezlex.com\/es\/wp-json\/wp\/v2\/pages\/179","targetHints":{"allow":["GET"]}}],"collection":[{"href":"https:\/\/www.sanchezlex.com\/es\/wp-json\/wp\/v2\/pages"}],"about":[{"href":"https:\/\/www.sanchezlex.com\/es\/wp-json\/wp\/v2\/types\/page"}],"author":[{"embeddable":true,"href":"https:\/\/www.sanchezlex.com\/es\/wp-json\/wp\/v2\/users\/2"}],"replies":[{"embeddable":true,"href":"https:\/\/www.sanchezlex.com\/es\/wp-json\/wp\/v2\/comments?post=179"}],"version-history":[{"count":1,"href":"https:\/\/www.sanchezlex.com\/es\/wp-json\/wp\/v2\/pages\/179\/revisions"}],"predecessor-version":[{"id":180,"href":"https:\/\/www.sanchezlex.com\/es\/wp-json\/wp\/v2\/pages\/179\/revisions\/180"}],"up":[{"embeddable":true,"href":"https:\/\/www.sanchezlex.com\/es\/wp-json\/wp\/v2\/pages\/167"}],"wp:attachment":[{"href":"https:\/\/www.sanchezlex.com\/es\/wp-json\/wp\/v2\/media?parent=179"}],"curies":[{"name":"wp","href":"https:\/\/api.w.org\/{rel}","templated":true}]}}

El Período Colonial

<div class="wpb-content-wrapper">[vc_row][vc_column][vc_column_text]
<p style="text-align: justify;">Para finales del siglo XVI el proceso de poblamiento de las áreas al oeste de Cartago comenzó, y de ahí en adelante la colonización de la Provincia de Costa Rica continuó durante los siglos XVII y XVIII, aun ritmo más bien lento. Siendo una tierra carente de metales preciosos y otros recursos valuables, Costa Rica era un lugar más bien pobre.</p>
<p>El período colonial en Costa Rica fue diferente al de otros países. Los colonos tuvieron que trabajar ellos mismos y plantar lo que comían, debido a que la mano de obra nativa era escasa y la situación económica era bastante pobre. Dicha escasez afectó aún a la moneda, la cual en ocasiones debía ser sustituida con el equivalente nativo de granos de cacao. Para el final del siglo XVIII la primeras semillas de café son introducidas al país.</p>
<p>A comienzos del siglos XIX Costa Rica era parte de la Capitanía General de Guatemala, la entidad administrativa a cargo de las tierras de América Central.</p>
[/vc_column_text][/vc_column][/vc_row]
</div>

<p>Para finales del siglo XVI el proceso de poblamiento de las áreas al oeste de Cartago comenzó.</p>

<!-- This site is optimized with the Yoast SEO plugin v28.1 - https://yoast.com/product/yoast-seo-wordpress/ -->
<title>El Período Colonial Costa Rica</title>
<meta name="robots" content="index, follow, max-snippet:-1, max-image-preview:large, max-video-preview:-1" />
<link rel="canonical" href="https://www.sanchezlex.com/es/costa-rica/historia/el-periodo-colonial/" />
<meta property="og:locale" content="es_ES" />
<meta property="og:type" content="article" />
<meta property="og:title" content="El Período Colonial Costa Rica" />
<meta property="og:description" content="[:es]Para finales del siglo XVI el proceso de poblamiento de las áreas al oeste de Cartago comenzó.[:en]By the late XVI century the inhabitation of the areas west of Cartago started.[:]" />
<meta property="og:url" content="https://www.sanchezlex.com/es/costa-rica/historia/el-periodo-colonial/" />
<meta property="og:site_name" content="Sanchez Lex" />
<meta name="twitter:card" content="summary_large_image" />
<meta name="twitter:label1" content="Tiempo de lectura" />
	<meta name="twitter:data1" content="2 minutos" />
<script type="application/ld+json" class="yoast-schema-graph">{"@context":"https:\/\/schema.org","@graph":[{"@type":"WebPage","@id":"https:\/\/www.sanchezlex.com\/es\/costa-rica\/historia\/el-periodo-colonial\/","url":"https:\/\/www.sanchezlex.com\/es\/costa-rica\/historia\/el-periodo-colonial\/","name":"El Período Colonial Costa Rica","isPartOf":{"@id":"https:\/\/www.sanchezlex.com\/es\/#website"},"datePublished":"2015-11-18T18:14:23+00:00","breadcrumb":{"@id":"https:\/\/www.sanchezlex.com\/es\/costa-rica\/historia\/el-periodo-colonial\/#breadcrumb"},"inLanguage":"es","potentialAction":[{"@type":"ReadAction","target":["https:\/\/www.sanchezlex.com\/es\/costa-rica\/historia\/el-periodo-colonial\/"]}]},{"@type":"BreadcrumbList","@id":"https:\/\/www.sanchezlex.com\/es\/costa-rica\/historia\/el-periodo-colonial\/#breadcrumb","itemListElement":[{"@type":"ListItem","position":1,"name":"Portada","item":"https:\/\/www.sanchezlex.com\/"},{"@type":"ListItem","position":2,"name":"Costa Rica","item":"https:\/\/www.sanchezlex.com\/es\/costa-rica\/"},{"@type":"ListItem","position":3,"name":"Historia","item":"https:\/\/www.sanchezlex.com\/es\/costa-rica\/historia\/"},{"@type":"ListItem","position":4,"name":"El Período Colonial"}]},{"@type":"WebSite","@id":"https:\/\/www.sanchezlex.com\/es\/#website","url":"https:\/\/www.sanchezlex.com\/es\/","name":"Sanchez Lex","description":"Abogados en Costa Rica","potentialAction":[{"@type":"SearchAction","target":{"@type":"EntryPoint","urlTemplate":"https:\/\/www.sanchezlex.com\/es\/?s={search_term_string}"},"query-input":{"@type":"PropertyValueSpecification","valueRequired":true,"valueName":"search_term_string"}}],"inLanguage":"es"}]}</script>
<!-- / Yoast SEO plugin. -->

El Período Colonial Costa Rica

[:es]Para finales del siglo XVI el proceso de poblamiento de las áreas al oeste de Cartago comenzó.[:en]By the late XVI century the inhabitation of the areas west of Cartago started.[:]
