{"id":181,"date":"2015-11-18T12:20:51","date_gmt":"2015-11-18T18:20:51","guid":{"rendered":"http:\/\/www.sanchezlex.com\/?page_id=181"},"modified":"2015-11-18T12:20:51","modified_gmt":"2015-11-18T18:20:51","slug":"la-independencia","status":"publish","type":"page","link":"https:\/\/www.sanchezlex.com\/es\/costa-rica\/historia\/la-independencia\/","title":{"rendered":"La Independencia"},"content":{"rendered":"<div class=\"wpb-content-wrapper\">[vc_row][vc_column][vc_column_text]\n<p style=\"text-align: justify;\">El 15 de Septiembre de 1821 se declar\u00f3 la Independencia de Espa\u00f1a, noticia que lleg\u00f3 a Costa Rica el 13 de Octubre de ese a\u00f1o, instal\u00e1ndose la primera Junta de Gobierno en Noviembre. En Diciembre de ese a\u00f1o se firm\u00f3 la primera Constituci\u00f3n, y en 1824 Costa Rica se convirti\u00f3 en un Estado, en ese momento parte de las Provincias Unidas de Am\u00e9rica Central.<\/p>\n<p>Despu\u00e9s de la Declaraci\u00f3n de Independencia, las cuatro principales ciudades del pa\u00eds: Cartago, Heredia, San Jos\u00e9 y Alajuela, tambi\u00e9n se sintieron aut\u00f3nomas entre s\u00ed, y tuvieron desacuerdos en varios puntos. Los l\u00edderes conservadores de Cartago y Heredia estaban a favor de unirse a M\u00e9xico, mientras que los l\u00edderes republicanos de San Jos\u00e9 y Alajuela no estaban de acuerdo con esa posici\u00f3n. Despu\u00e9s de una peque\u00f1a batalla en el Alto de Ochomogo en Cartago, los republicanos resultaron victoriosos y la anexi\u00f3n con M\u00e9xico fue rechazada.<\/p>\n<p>El 25 de Julio de 1824 el Partido de Nicoya (correspondiente a la mayor\u00eda de lo que hoy es Guanacaste) decidi\u00f3 unirse a Costa Rica.[\/vc_column_text][\/vc_column][\/vc_row]\n<\/div>","protected":false},"excerpt":{"rendered":"<p>El 15 de Septiembre de 1821 se declar\u00f3 la Independencia de Espa\u00f1a, noticia que lleg\u00f3 a Costa Rica el 13 de Octubre de ese a\u00f1o.<\/p>\n","protected":false},"author":2,"featured_media":0,"parent":167,"menu_order":0,"comment_status":"closed","ping_status":"closed","template":"","meta":{"_acf_changed":false,"rs_blank_template":"","rs_page_bg_color":"","slide_template_v7":"","footnotes":""},"class_list":["post-181","page","type-page","status-publish","hentry"],"acf":[],"yoast_head":"<!-- This site is optimized with the Yoast SEO plugin v28.1 - https:\/\/yoast.com\/product\/yoast-seo-wordpress\/ -->\n<title>La Independencia Costa Rica<\/title>\n<meta name=\"robots\" content=\"index, follow, max-snippet:-1, max-image-preview:large, max-video-preview:-1\" \/>\n<link rel=\"canonical\" href=\"https:\/\/www.sanchezlex.com\/es\/costa-rica\/historia\/la-independencia\/\" \/>\n<meta property=\"og:locale\" content=\"es_ES\" \/>\n<meta property=\"og:type\" content=\"article\" \/>\n<meta property=\"og:title\" content=\"La Independencia Costa Rica\" \/>\n<meta property=\"og:description\" content=\"[:es]El 15 de Septiembre de 1821 se declar\u00f3 la Independencia de Espa\u00f1a, noticia que lleg\u00f3 a Costa Rica el 13 de Octubre de ese a\u00f1o.[:en]On September 15, 1821, Independence from Spain is declared, the news arriving to Costa Rica on October 13 of that year.[:]\" \/>\n<meta property=\"og:url\" content=\"https:\/\/www.sanchezlex.com\/es\/costa-rica\/historia\/la-independencia\/\" \/>\n<meta property=\"og:site_name\" content=\"Sanchez Lex\" \/>\n<meta name=\"twitter:card\" content=\"summary_large_image\" \/>\n<meta name=\"twitter:label1\" content=\"Tiempo de lectura\" \/>\n\t<meta name=\"twitter:data1\" content=\"2 minutos\" \/>\n<script type=\"application\/ld+json\" class=\"yoast-schema-graph\">{\"@context\":\"https:\\\/\\\/schema.org\",\"@graph\":[{\"@type\":\"WebPage\",\"@id\":\"https:\\\/\\\/www.sanchezlex.com\\\/es\\\/costa-rica\\\/historia\\\/la-independencia\\\/\",\"url\":\"https:\\\/\\\/www.sanchezlex.com\\\/es\\\/costa-rica\\\/historia\\\/la-independencia\\\/\",\"name\":\"La Independencia Costa Rica\",\"isPartOf\":{\"@id\":\"https:\\\/\\\/www.sanchezlex.com\\\/es\\\/#website\"},\"datePublished\":\"2015-11-18T18:20:51+00:00\",\"breadcrumb\":{\"@id\":\"https:\\\/\\\/www.sanchezlex.com\\\/es\\\/costa-rica\\\/historia\\\/la-independencia\\\/#breadcrumb\"},\"inLanguage\":\"es\",\"potentialAction\":[{\"@type\":\"ReadAction\",\"target\":[\"https:\\\/\\\/www.sanchezlex.com\\\/es\\\/costa-rica\\\/historia\\\/la-independencia\\\/\"]}]},{\"@type\":\"BreadcrumbList\",\"@id\":\"https:\\\/\\\/www.sanchezlex.com\\\/es\\\/costa-rica\\\/historia\\\/la-independencia\\\/#breadcrumb\",\"itemListElement\":[{\"@type\":\"ListItem\",\"position\":1,\"name\":\"Portada\",\"item\":\"https:\\\/\\\/www.sanchezlex.com\\\/\"},{\"@type\":\"ListItem\",\"position\":2,\"name\":\"Costa Rica\",\"item\":\"https:\\\/\\\/www.sanchezlex.com\\\/es\\\/costa-rica\\\/\"},{\"@type\":\"ListItem\",\"position\":3,\"name\":\"Historia\",\"item\":\"https:\\\/\\\/www.sanchezlex.com\\\/es\\\/costa-rica\\\/historia\\\/\"},{\"@type\":\"ListItem\",\"position\":4,\"name\":\"La Independencia\"}]},{\"@type\":\"WebSite\",\"@id\":\"https:\\\/\\\/www.sanchezlex.com\\\/es\\\/#website\",\"url\":\"https:\\\/\\\/www.sanchezlex.com\\\/es\\\/\",\"name\":\"Sanchez Lex\",\"description\":\"Abogados en Costa Rica\",\"potentialAction\":[{\"@type\":\"SearchAction\",\"target\":{\"@type\":\"EntryPoint\",\"urlTemplate\":\"https:\\\/\\\/www.sanchezlex.com\\\/es\\\/?s={search_term_string}\"},\"query-input\":{\"@type\":\"PropertyValueSpecification\",\"valueRequired\":true,\"valueName\":\"search_term_string\"}}],\"inLanguage\":\"es\"}]}<\/script>\n<!-- \/ Yoast SEO plugin. -->","yoast_head_json":{"title":"La Independencia Costa Rica","robots":{"index":"index","follow":"follow","max-snippet":"max-snippet:-1","max-image-preview":"max-image-preview:large","max-video-preview":"max-video-preview:-1"},"canonical":"https:\/\/www.sanchezlex.com\/es\/costa-rica\/historia\/la-independencia\/","og_locale":"es_ES","og_type":"article","og_title":"La Independencia Costa Rica","og_description":"[:es]El 15 de Septiembre de 1821 se declar\u00f3 la Independencia de Espa\u00f1a, noticia que lleg\u00f3 a Costa Rica el 13 de Octubre de ese a\u00f1o.[:en]On September 15, 1821, Independence from Spain is declared, the news arriving to Costa Rica on October 13 of that year.[:]","og_url":"https:\/\/www.sanchezlex.com\/es\/costa-rica\/historia\/la-independencia\/","og_site_name":"Sanchez Lex","twitter_card":"summary_large_image","twitter_misc":{"Tiempo de lectura":"2 minutos"},"schema":{"@context":"https:\/\/schema.org","@graph":[{"@type":"WebPage","@id":"https:\/\/www.sanchezlex.com\/es\/costa-rica\/historia\/la-independencia\/","url":"https:\/\/www.sanchezlex.com\/es\/costa-rica\/historia\/la-independencia\/","name":"La Independencia Costa Rica","isPartOf":{"@id":"https:\/\/www.sanchezlex.com\/es\/#website"},"datePublished":"2015-11-18T18:20:51+00:00","breadcrumb":{"@id":"https:\/\/www.sanchezlex.com\/es\/costa-rica\/historia\/la-independencia\/#breadcrumb"},"inLanguage":"es","potentialAction":[{"@type":"ReadAction","target":["https:\/\/www.sanchezlex.com\/es\/costa-rica\/historia\/la-independencia\/"]}]},{"@type":"BreadcrumbList","@id":"https:\/\/www.sanchezlex.com\/es\/costa-rica\/historia\/la-independencia\/#breadcrumb","itemListElement":[{"@type":"ListItem","position":1,"name":"Portada","item":"https:\/\/www.sanchezlex.com\/"},{"@type":"ListItem","position":2,"name":"Costa Rica","item":"https:\/\/www.sanchezlex.com\/es\/costa-rica\/"},{"@type":"ListItem","position":3,"name":"Historia","item":"https:\/\/www.sanchezlex.com\/es\/costa-rica\/historia\/"},{"@type":"ListItem","position":4,"name":"La Independencia"}]},{"@type":"WebSite","@id":"https:\/\/www.sanchezlex.com\/es\/#website","url":"https:\/\/www.sanchezlex.com\/es\/","name":"Sanchez Lex","description":"Abogados en Costa Rica","potentialAction":[{"@type":"SearchAction","target":{"@type":"EntryPoint","urlTemplate":"https:\/\/www.sanchezlex.com\/es\/?s={search_term_string}"},"query-input":{"@type":"PropertyValueSpecification","valueRequired":true,"valueName":"search_term_string"}}],"inLanguage":"es"}]}},"_links":{"self":[{"href":"https:\/\/www.sanchezlex.com\/es\/wp-json\/wp\/v2\/pages\/181","targetHints":{"allow":["GET"]}}],"collection":[{"href":"https:\/\/www.sanchezlex.com\/es\/wp-json\/wp\/v2\/pages"}],"about":[{"href":"https:\/\/www.sanchezlex.com\/es\/wp-json\/wp\/v2\/types\/page"}],"author":[{"embeddable":true,"href":"https:\/\/www.sanchezlex.com\/es\/wp-json\/wp\/v2\/users\/2"}],"replies":[{"embeddable":true,"href":"https:\/\/www.sanchezlex.com\/es\/wp-json\/wp\/v2\/comments?post=181"}],"version-history":[{"count":1,"href":"https:\/\/www.sanchezlex.com\/es\/wp-json\/wp\/v2\/pages\/181\/revisions"}],"predecessor-version":[{"id":182,"href":"https:\/\/www.sanchezlex.com\/es\/wp-json\/wp\/v2\/pages\/181\/revisions\/182"}],"up":[{"embeddable":true,"href":"https:\/\/www.sanchezlex.com\/es\/wp-json\/wp\/v2\/pages\/167"}],"wp:attachment":[{"href":"https:\/\/www.sanchezlex.com\/es\/wp-json\/wp\/v2\/media?parent=181"}],"curies":[{"name":"wp","href":"https:\/\/api.w.org\/{rel}","templated":true}]}}

<div class="wpb-content-wrapper">[vc_row][vc_column][vc_column_text]
<p style="text-align: justify;">El 15 de Septiembre de 1821 se declaró la Independencia de España, noticia que llegó a Costa Rica el 13 de Octubre de ese año, instalándose la primera Junta de Gobierno en Noviembre. En Diciembre de ese año se firmó la primera Constitución, y en 1824 Costa Rica se convirtió en un Estado, en ese momento parte de las Provincias Unidas de América Central.</p>
<p>Después de la Declaración de Independencia, las cuatro principales ciudades del país: Cartago, Heredia, San José y Alajuela, también se sintieron autónomas entre sí, y tuvieron desacuerdos en varios puntos. Los líderes conservadores de Cartago y Heredia estaban a favor de unirse a México, mientras que los líderes republicanos de San José y Alajuela no estaban de acuerdo con esa posición. Después de una pequeña batalla en el Alto de Ochomogo en Cartago, los republicanos resultaron victoriosos y la anexión con México fue rechazada.</p>
<p>El 25 de Julio de 1824 el Partido de Nicoya (correspondiente a la mayoría de lo que hoy es Guanacaste) decidió unirse a Costa Rica.[/vc_column_text][/vc_column][/vc_row]
</div>

<p>El 15 de Septiembre de 1821 se declaró la Independencia de España, noticia que llegó a Costa Rica el 13 de Octubre de ese año.</p>

<!-- This site is optimized with the Yoast SEO plugin v28.1 - https://yoast.com/product/yoast-seo-wordpress/ -->
<title>La Independencia Costa Rica</title>
<meta name="robots" content="index, follow, max-snippet:-1, max-image-preview:large, max-video-preview:-1" />
<link rel="canonical" href="https://www.sanchezlex.com/es/costa-rica/historia/la-independencia/" />
<meta property="og:locale" content="es_ES" />
<meta property="og:type" content="article" />
<meta property="og:title" content="La Independencia Costa Rica" />
<meta property="og:description" content="[:es]El 15 de Septiembre de 1821 se declaró la Independencia de España, noticia que llegó a Costa Rica el 13 de Octubre de ese año.[:en]On September 15, 1821, Independence from Spain is declared, the news arriving to Costa Rica on October 13 of that year.[:]" />
<meta property="og:url" content="https://www.sanchezlex.com/es/costa-rica/historia/la-independencia/" />
<meta property="og:site_name" content="Sanchez Lex" />
<meta name="twitter:card" content="summary_large_image" />
<meta name="twitter:label1" content="Tiempo de lectura" />
	<meta name="twitter:data1" content="2 minutos" />
<script type="application/ld+json" class="yoast-schema-graph">{"@context":"https:\/\/schema.org","@graph":[{"@type":"WebPage","@id":"https:\/\/www.sanchezlex.com\/es\/costa-rica\/historia\/la-independencia\/","url":"https:\/\/www.sanchezlex.com\/es\/costa-rica\/historia\/la-independencia\/","name":"La Independencia Costa Rica","isPartOf":{"@id":"https:\/\/www.sanchezlex.com\/es\/#website"},"datePublished":"2015-11-18T18:20:51+00:00","breadcrumb":{"@id":"https:\/\/www.sanchezlex.com\/es\/costa-rica\/historia\/la-independencia\/#breadcrumb"},"inLanguage":"es","potentialAction":[{"@type":"ReadAction","target":["https:\/\/www.sanchezlex.com\/es\/costa-rica\/historia\/la-independencia\/"]}]},{"@type":"BreadcrumbList","@id":"https:\/\/www.sanchezlex.com\/es\/costa-rica\/historia\/la-independencia\/#breadcrumb","itemListElement":[{"@type":"ListItem","position":1,"name":"Portada","item":"https:\/\/www.sanchezlex.com\/"},{"@type":"ListItem","position":2,"name":"Costa Rica","item":"https:\/\/www.sanchezlex.com\/es\/costa-rica\/"},{"@type":"ListItem","position":3,"name":"Historia","item":"https:\/\/www.sanchezlex.com\/es\/costa-rica\/historia\/"},{"@type":"ListItem","position":4,"name":"La Independencia"}]},{"@type":"WebSite","@id":"https:\/\/www.sanchezlex.com\/es\/#website","url":"https:\/\/www.sanchezlex.com\/es\/","name":"Sanchez Lex","description":"Abogados en Costa Rica","potentialAction":[{"@type":"SearchAction","target":{"@type":"EntryPoint","urlTemplate":"https:\/\/www.sanchezlex.com\/es\/?s={search_term_string}"},"query-input":{"@type":"PropertyValueSpecification","valueRequired":true,"valueName":"search_term_string"}}],"inLanguage":"es"}]}</script>
<!-- / Yoast SEO plugin. -->

[:es]El 15 de Septiembre de 1821 se declaró la Independencia de España, noticia que llegó a Costa Rica el 13 de Octubre de ese año.[:en]On September 15, 1821, Independence from Spain is declared, the news arriving to Costa Rica on October 13 of that year.[:]
