{"id":183,"date":"2015-11-18T12:24:38","date_gmt":"2015-11-18T18:24:38","guid":{"rendered":"http:\/\/www.sanchezlex.com\/?page_id=183"},"modified":"2015-11-18T12:24:38","modified_gmt":"2015-11-18T18:24:38","slug":"la-republica","status":"publish","type":"page","link":"https:\/\/www.sanchezlex.com\/es\/costa-rica\/historia\/la-republica\/","title":{"rendered":"La Rep\u00fablica"},"content":{"rendered":"<div class=\"wpb-content-wrapper\">[vc_row][vc_column][vc_column_text]\n<p style=\"text-align: justify;\">Para 1848 la actividad econ\u00f3mica de Costa Rica estaba centrada en la agricultura con el caf\u00e9 siendo su principal producto de exportaci\u00f3n. En ese a\u00f1o, la Rep\u00fablica de Costa Rica fue declarada por el Dr. Jos\u00e9 Mar\u00eda Castro Madriz, dando v\u00eda a la formaci\u00f3n de un fuerte gobierno central con una nueva divisi\u00f3n administrativa (Provincias, Cantones y Distritos).<\/p>\n<p>En 1856 el pa\u00eds tuvo que enfrentar la amenaza de un grupo de filibusteros liderados por William Walker quienes trataron de ocupar el pa\u00eds. Los invasores fueron primero derrotados en Marzo en la Batalla de Santa Rosa (en Guanacaste) y una mayor victoria se obtuvo en la Batalla de Rivas (Nicaragua) el 11 de Abril, donde Juan Santamar\u00eda (el H\u00e9roe Nacional) muri\u00f3 mientras quemaba un edificio en el cual se encontraba estacionado el enemigo.[\/vc_column_text][\/vc_column][\/vc_row]\n<\/div>","protected":false},"excerpt":{"rendered":"<p>Para 1848 la actividad econ\u00f3mica de Costa Rica estaba centrada en la agricultura con el caf\u00e9 siendo su principal producto de exportaci\u00f3n.<\/p>\n","protected":false},"author":2,"featured_media":0,"parent":167,"menu_order":0,"comment_status":"closed","ping_status":"closed","template":"","meta":{"_acf_changed":false,"rs_blank_template":"","rs_page_bg_color":"","slide_template_v7":"","footnotes":""},"class_list":["post-183","page","type-page","status-publish","hentry"],"acf":[],"yoast_head":"<!-- This site is optimized with the Yoast SEO plugin v28.1 - https:\/\/yoast.com\/product\/yoast-seo-wordpress\/ -->\n<title>La Rep\u00fablica Costa Rica<\/title>\n<meta name=\"robots\" content=\"index, follow, max-snippet:-1, max-image-preview:large, max-video-preview:-1\" \/>\n<link rel=\"canonical\" href=\"https:\/\/www.sanchezlex.com\/es\/costa-rica\/historia\/la-republica\/\" \/>\n<meta property=\"og:locale\" content=\"es_ES\" \/>\n<meta property=\"og:type\" content=\"article\" \/>\n<meta property=\"og:title\" content=\"La Rep\u00fablica Costa Rica\" \/>\n<meta property=\"og:description\" content=\"[:es]Para 1848 la actividad econ\u00f3mica de Costa Rica estaba centrada en la agricultura con el caf\u00e9 siendo su principal producto de exportaci\u00f3n.[:en]By 1848 Costa Rica\u00b4s economical activity was centered on agriculture with coffee being its main export product.[:]\" \/>\n<meta property=\"og:url\" content=\"https:\/\/www.sanchezlex.com\/es\/costa-rica\/historia\/la-republica\/\" \/>\n<meta property=\"og:site_name\" content=\"Sanchez Lex\" \/>\n<meta name=\"twitter:card\" content=\"summary_large_image\" \/>\n<meta name=\"twitter:label1\" content=\"Tiempo de lectura\" \/>\n\t<meta name=\"twitter:data1\" content=\"1 minuto\" \/>\n<script type=\"application\/ld+json\" class=\"yoast-schema-graph\">{\"@context\":\"https:\\\/\\\/schema.org\",\"@graph\":[{\"@type\":\"WebPage\",\"@id\":\"https:\\\/\\\/www.sanchezlex.com\\\/es\\\/costa-rica\\\/historia\\\/la-republica\\\/\",\"url\":\"https:\\\/\\\/www.sanchezlex.com\\\/es\\\/costa-rica\\\/historia\\\/la-republica\\\/\",\"name\":\"La Rep\u00fablica Costa Rica\",\"isPartOf\":{\"@id\":\"https:\\\/\\\/www.sanchezlex.com\\\/es\\\/#website\"},\"datePublished\":\"2015-11-18T18:24:38+00:00\",\"breadcrumb\":{\"@id\":\"https:\\\/\\\/www.sanchezlex.com\\\/es\\\/costa-rica\\\/historia\\\/la-republica\\\/#breadcrumb\"},\"inLanguage\":\"es\",\"potentialAction\":[{\"@type\":\"ReadAction\",\"target\":[\"https:\\\/\\\/www.sanchezlex.com\\\/es\\\/costa-rica\\\/historia\\\/la-republica\\\/\"]}]},{\"@type\":\"BreadcrumbList\",\"@id\":\"https:\\\/\\\/www.sanchezlex.com\\\/es\\\/costa-rica\\\/historia\\\/la-republica\\\/#breadcrumb\",\"itemListElement\":[{\"@type\":\"ListItem\",\"position\":1,\"name\":\"Portada\",\"item\":\"https:\\\/\\\/www.sanchezlex.com\\\/\"},{\"@type\":\"ListItem\",\"position\":2,\"name\":\"Costa Rica\",\"item\":\"https:\\\/\\\/www.sanchezlex.com\\\/es\\\/costa-rica\\\/\"},{\"@type\":\"ListItem\",\"position\":3,\"name\":\"Historia\",\"item\":\"https:\\\/\\\/www.sanchezlex.com\\\/es\\\/costa-rica\\\/historia\\\/\"},{\"@type\":\"ListItem\",\"position\":4,\"name\":\"La Rep\u00fablica\"}]},{\"@type\":\"WebSite\",\"@id\":\"https:\\\/\\\/www.sanchezlex.com\\\/es\\\/#website\",\"url\":\"https:\\\/\\\/www.sanchezlex.com\\\/es\\\/\",\"name\":\"Sanchez Lex\",\"description\":\"Abogados en Costa Rica\",\"potentialAction\":[{\"@type\":\"SearchAction\",\"target\":{\"@type\":\"EntryPoint\",\"urlTemplate\":\"https:\\\/\\\/www.sanchezlex.com\\\/es\\\/?s={search_term_string}\"},\"query-input\":{\"@type\":\"PropertyValueSpecification\",\"valueRequired\":true,\"valueName\":\"search_term_string\"}}],\"inLanguage\":\"es\"}]}<\/script>\n<!-- \/ Yoast SEO plugin. -->","yoast_head_json":{"title":"La Rep\u00fablica Costa Rica","robots":{"index":"index","follow":"follow","max-snippet":"max-snippet:-1","max-image-preview":"max-image-preview:large","max-video-preview":"max-video-preview:-1"},"canonical":"https:\/\/www.sanchezlex.com\/es\/costa-rica\/historia\/la-republica\/","og_locale":"es_ES","og_type":"article","og_title":"La Rep\u00fablica Costa Rica","og_description":"[:es]Para 1848 la actividad econ\u00f3mica de Costa Rica estaba centrada en la agricultura con el caf\u00e9 siendo su principal producto de exportaci\u00f3n.[:en]By 1848 Costa Rica\u00b4s economical activity was centered on agriculture with coffee being its main export product.[:]","og_url":"https:\/\/www.sanchezlex.com\/es\/costa-rica\/historia\/la-republica\/","og_site_name":"Sanchez Lex","twitter_card":"summary_large_image","twitter_misc":{"Tiempo de lectura":"1 minuto"},"schema":{"@context":"https:\/\/schema.org","@graph":[{"@type":"WebPage","@id":"https:\/\/www.sanchezlex.com\/es\/costa-rica\/historia\/la-republica\/","url":"https:\/\/www.sanchezlex.com\/es\/costa-rica\/historia\/la-republica\/","name":"La Rep\u00fablica Costa Rica","isPartOf":{"@id":"https:\/\/www.sanchezlex.com\/es\/#website"},"datePublished":"2015-11-18T18:24:38+00:00","breadcrumb":{"@id":"https:\/\/www.sanchezlex.com\/es\/costa-rica\/historia\/la-republica\/#breadcrumb"},"inLanguage":"es","potentialAction":[{"@type":"ReadAction","target":["https:\/\/www.sanchezlex.com\/es\/costa-rica\/historia\/la-republica\/"]}]},{"@type":"BreadcrumbList","@id":"https:\/\/www.sanchezlex.com\/es\/costa-rica\/historia\/la-republica\/#breadcrumb","itemListElement":[{"@type":"ListItem","position":1,"name":"Portada","item":"https:\/\/www.sanchezlex.com\/"},{"@type":"ListItem","position":2,"name":"Costa Rica","item":"https:\/\/www.sanchezlex.com\/es\/costa-rica\/"},{"@type":"ListItem","position":3,"name":"Historia","item":"https:\/\/www.sanchezlex.com\/es\/costa-rica\/historia\/"},{"@type":"ListItem","position":4,"name":"La Rep\u00fablica"}]},{"@type":"WebSite","@id":"https:\/\/www.sanchezlex.com\/es\/#website","url":"https:\/\/www.sanchezlex.com\/es\/","name":"Sanchez Lex","description":"Abogados en Costa Rica","potentialAction":[{"@type":"SearchAction","target":{"@type":"EntryPoint","urlTemplate":"https:\/\/www.sanchezlex.com\/es\/?s={search_term_string}"},"query-input":{"@type":"PropertyValueSpecification","valueRequired":true,"valueName":"search_term_string"}}],"inLanguage":"es"}]}},"_links":{"self":[{"href":"https:\/\/www.sanchezlex.com\/es\/wp-json\/wp\/v2\/pages\/183","targetHints":{"allow":["GET"]}}],"collection":[{"href":"https:\/\/www.sanchezlex.com\/es\/wp-json\/wp\/v2\/pages"}],"about":[{"href":"https:\/\/www.sanchezlex.com\/es\/wp-json\/wp\/v2\/types\/page"}],"author":[{"embeddable":true,"href":"https:\/\/www.sanchezlex.com\/es\/wp-json\/wp\/v2\/users\/2"}],"replies":[{"embeddable":true,"href":"https:\/\/www.sanchezlex.com\/es\/wp-json\/wp\/v2\/comments?post=183"}],"version-history":[{"count":1,"href":"https:\/\/www.sanchezlex.com\/es\/wp-json\/wp\/v2\/pages\/183\/revisions"}],"predecessor-version":[{"id":184,"href":"https:\/\/www.sanchezlex.com\/es\/wp-json\/wp\/v2\/pages\/183\/revisions\/184"}],"up":[{"embeddable":true,"href":"https:\/\/www.sanchezlex.com\/es\/wp-json\/wp\/v2\/pages\/167"}],"wp:attachment":[{"href":"https:\/\/www.sanchezlex.com\/es\/wp-json\/wp\/v2\/media?parent=183"}],"curies":[{"name":"wp","href":"https:\/\/api.w.org\/{rel}","templated":true}]}}

La República

<div class="wpb-content-wrapper">[vc_row][vc_column][vc_column_text]
<p style="text-align: justify;">Para 1848 la actividad económica de Costa Rica estaba centrada en la agricultura con el café siendo su principal producto de exportación. En ese año, la República de Costa Rica fue declarada por el Dr. José María Castro Madriz, dando vía a la formación de un fuerte gobierno central con una nueva división administrativa (Provincias, Cantones y Distritos).</p>
<p>En 1856 el país tuvo que enfrentar la amenaza de un grupo de filibusteros liderados por William Walker quienes trataron de ocupar el país. Los invasores fueron primero derrotados en Marzo en la Batalla de Santa Rosa (en Guanacaste) y una mayor victoria se obtuvo en la Batalla de Rivas (Nicaragua) el 11 de Abril, donde Juan Santamaría (el Héroe Nacional) murió mientras quemaba un edificio en el cual se encontraba estacionado el enemigo.[/vc_column_text][/vc_column][/vc_row]
</div>

<p>Para 1848 la actividad económica de Costa Rica estaba centrada en la agricultura con el café siendo su principal producto de exportación.</p>

<!-- This site is optimized with the Yoast SEO plugin v28.1 - https://yoast.com/product/yoast-seo-wordpress/ -->
<title>La República Costa Rica</title>
<meta name="robots" content="index, follow, max-snippet:-1, max-image-preview:large, max-video-preview:-1" />
<link rel="canonical" href="https://www.sanchezlex.com/es/costa-rica/historia/la-republica/" />
<meta property="og:locale" content="es_ES" />
<meta property="og:type" content="article" />
<meta property="og:title" content="La República Costa Rica" />
<meta property="og:description" content="[:es]Para 1848 la actividad económica de Costa Rica estaba centrada en la agricultura con el café siendo su principal producto de exportación.[:en]By 1848 Costa Rica´s economical activity was centered on agriculture with coffee being its main export product.[:]" />
<meta property="og:url" content="https://www.sanchezlex.com/es/costa-rica/historia/la-republica/" />
<meta property="og:site_name" content="Sanchez Lex" />
<meta name="twitter:card" content="summary_large_image" />
<meta name="twitter:label1" content="Tiempo de lectura" />
	<meta name="twitter:data1" content="1 minuto" />
<script type="application/ld+json" class="yoast-schema-graph">{"@context":"https:\/\/schema.org","@graph":[{"@type":"WebPage","@id":"https:\/\/www.sanchezlex.com\/es\/costa-rica\/historia\/la-republica\/","url":"https:\/\/www.sanchezlex.com\/es\/costa-rica\/historia\/la-republica\/","name":"La República Costa Rica","isPartOf":{"@id":"https:\/\/www.sanchezlex.com\/es\/#website"},"datePublished":"2015-11-18T18:24:38+00:00","breadcrumb":{"@id":"https:\/\/www.sanchezlex.com\/es\/costa-rica\/historia\/la-republica\/#breadcrumb"},"inLanguage":"es","potentialAction":[{"@type":"ReadAction","target":["https:\/\/www.sanchezlex.com\/es\/costa-rica\/historia\/la-republica\/"]}]},{"@type":"BreadcrumbList","@id":"https:\/\/www.sanchezlex.com\/es\/costa-rica\/historia\/la-republica\/#breadcrumb","itemListElement":[{"@type":"ListItem","position":1,"name":"Portada","item":"https:\/\/www.sanchezlex.com\/"},{"@type":"ListItem","position":2,"name":"Costa Rica","item":"https:\/\/www.sanchezlex.com\/es\/costa-rica\/"},{"@type":"ListItem","position":3,"name":"Historia","item":"https:\/\/www.sanchezlex.com\/es\/costa-rica\/historia\/"},{"@type":"ListItem","position":4,"name":"La República"}]},{"@type":"WebSite","@id":"https:\/\/www.sanchezlex.com\/es\/#website","url":"https:\/\/www.sanchezlex.com\/es\/","name":"Sanchez Lex","description":"Abogados en Costa Rica","potentialAction":[{"@type":"SearchAction","target":{"@type":"EntryPoint","urlTemplate":"https:\/\/www.sanchezlex.com\/es\/?s={search_term_string}"},"query-input":{"@type":"PropertyValueSpecification","valueRequired":true,"valueName":"search_term_string"}}],"inLanguage":"es"}]}</script>
<!-- / Yoast SEO plugin. -->

La República Costa Rica

[:es]Para 1848 la actividad económica de Costa Rica estaba centrada en la agricultura con el café siendo su principal producto de exportación.[:en]By 1848 Costa Rica´s economical activity was centered on agriculture with coffee being its main export product.[:]
