{"id":187,"date":"2015-11-18T12:34:35","date_gmt":"2015-11-18T18:34:35","guid":{"rendered":"http:\/\/www.sanchezlex.com\/?page_id=187"},"modified":"2015-11-18T12:34:35","modified_gmt":"2015-11-18T18:34:35","slug":"la-reforma-social","status":"publish","type":"page","link":"https:\/\/www.sanchezlex.com\/es\/costa-rica\/historia\/la-reforma-social\/","title":{"rendered":"La Reforma Social"},"content":{"rendered":"<div class=\"wpb-content-wrapper\">[vc_row][vc_column][vc_column_text]\n<p style=\"text-align: justify;\">Comenzando en los a\u00f1os 1930, la presi\u00f3n social por cambios sociales empez\u00f3 a acumularse. Durante los primeros a\u00f1os de la d\u00e9cada de 1940 varios cambios sucedieron los cuales resultaron en un nuevo C\u00f3digo de Trabajo y en la creaci\u00f3n de instituciones tales como el Seguro Social y la Universidad de Costa Rica.<\/p>\n<p>Una disputa sobre el manejo de los resultados e las elecciones de 1948 result\u00f3 en una Guerra Civil la cual dur\u00f3 dos meses, y de la cual la figura de Jos\u00e9 Figueres emergi\u00f3 como el nuevo l\u00edder del pa\u00eds. El ej\u00e9rcito fue abolido como una entidad permanente, y una entidad separada (el Tribunal Supremo de Elecciones) es creada para regular y manejar los procesos electorales.<\/p>\n<p>Las reformas sociales no fueron desmanteladas por el nuevo gobierno y el pa\u00eds comenz\u00f3 una era de modernizaci\u00f3n de sus instituciones y su econom\u00eda con el Estado sumiendo un papel m\u00e1s din\u00e1mico en la actividad socioecon\u00f3mica del pa\u00eds. En 1949 una nueva Constituci\u00f3n (a\u00fan en efecto) es aprobada.[\/vc_column_text][\/vc_column][\/vc_row]\n<\/div>","protected":false},"excerpt":{"rendered":"<p>Comenzando en los a\u00f1os 1930, la presi\u00f3n social por cambios sociales empez\u00f3 a acumularse.<\/p>\n","protected":false},"author":2,"featured_media":0,"parent":167,"menu_order":0,"comment_status":"closed","ping_status":"closed","template":"","meta":{"_acf_changed":false,"rs_blank_template":"","rs_page_bg_color":"","slide_template_v7":"","footnotes":""},"class_list":["post-187","page","type-page","status-publish","hentry"],"acf":[],"yoast_head":"<!-- This site is optimized with the Yoast SEO plugin v28.1 - https:\/\/yoast.com\/product\/yoast-seo-wordpress\/ -->\n<title>La Reforma Social Costa Rica<\/title>\n<meta name=\"robots\" content=\"index, follow, max-snippet:-1, max-image-preview:large, max-video-preview:-1\" \/>\n<link rel=\"canonical\" href=\"https:\/\/www.sanchezlex.com\/es\/costa-rica\/historia\/la-reforma-social\/\" \/>\n<meta property=\"og:locale\" content=\"es_ES\" \/>\n<meta property=\"og:type\" content=\"article\" \/>\n<meta property=\"og:title\" content=\"La Reforma Social Costa Rica\" \/>\n<meta property=\"og:description\" content=\"[:es]Comenzando en los a\u00f1os 1930, la presi\u00f3n social por cambios sociales empez\u00f3 a acumularse.[:en]Starting in the 1930s, the social pressure for social changes started to build up.[:]\" \/>\n<meta property=\"og:url\" content=\"https:\/\/www.sanchezlex.com\/es\/costa-rica\/historia\/la-reforma-social\/\" \/>\n<meta property=\"og:site_name\" content=\"Sanchez Lex\" \/>\n<meta name=\"twitter:card\" content=\"summary_large_image\" \/>\n<meta name=\"twitter:label1\" content=\"Tiempo de lectura\" \/>\n\t<meta name=\"twitter:data1\" content=\"2 minutos\" \/>\n<script type=\"application\/ld+json\" class=\"yoast-schema-graph\">{\"@context\":\"https:\\\/\\\/schema.org\",\"@graph\":[{\"@type\":\"WebPage\",\"@id\":\"https:\\\/\\\/www.sanchezlex.com\\\/es\\\/costa-rica\\\/historia\\\/la-reforma-social\\\/\",\"url\":\"https:\\\/\\\/www.sanchezlex.com\\\/es\\\/costa-rica\\\/historia\\\/la-reforma-social\\\/\",\"name\":\"La Reforma Social Costa Rica\",\"isPartOf\":{\"@id\":\"https:\\\/\\\/www.sanchezlex.com\\\/es\\\/#website\"},\"datePublished\":\"2015-11-18T18:34:35+00:00\",\"breadcrumb\":{\"@id\":\"https:\\\/\\\/www.sanchezlex.com\\\/es\\\/costa-rica\\\/historia\\\/la-reforma-social\\\/#breadcrumb\"},\"inLanguage\":\"es\",\"potentialAction\":[{\"@type\":\"ReadAction\",\"target\":[\"https:\\\/\\\/www.sanchezlex.com\\\/es\\\/costa-rica\\\/historia\\\/la-reforma-social\\\/\"]}]},{\"@type\":\"BreadcrumbList\",\"@id\":\"https:\\\/\\\/www.sanchezlex.com\\\/es\\\/costa-rica\\\/historia\\\/la-reforma-social\\\/#breadcrumb\",\"itemListElement\":[{\"@type\":\"ListItem\",\"position\":1,\"name\":\"Portada\",\"item\":\"https:\\\/\\\/www.sanchezlex.com\\\/\"},{\"@type\":\"ListItem\",\"position\":2,\"name\":\"Costa Rica\",\"item\":\"https:\\\/\\\/www.sanchezlex.com\\\/es\\\/costa-rica\\\/\"},{\"@type\":\"ListItem\",\"position\":3,\"name\":\"Historia\",\"item\":\"https:\\\/\\\/www.sanchezlex.com\\\/es\\\/costa-rica\\\/historia\\\/\"},{\"@type\":\"ListItem\",\"position\":4,\"name\":\"La Reforma Social\"}]},{\"@type\":\"WebSite\",\"@id\":\"https:\\\/\\\/www.sanchezlex.com\\\/es\\\/#website\",\"url\":\"https:\\\/\\\/www.sanchezlex.com\\\/es\\\/\",\"name\":\"Sanchez Lex\",\"description\":\"Abogados en Costa Rica\",\"potentialAction\":[{\"@type\":\"SearchAction\",\"target\":{\"@type\":\"EntryPoint\",\"urlTemplate\":\"https:\\\/\\\/www.sanchezlex.com\\\/es\\\/?s={search_term_string}\"},\"query-input\":{\"@type\":\"PropertyValueSpecification\",\"valueRequired\":true,\"valueName\":\"search_term_string\"}}],\"inLanguage\":\"es\"}]}<\/script>\n<!-- \/ Yoast SEO plugin. -->","yoast_head_json":{"title":"La Reforma Social Costa Rica","robots":{"index":"index","follow":"follow","max-snippet":"max-snippet:-1","max-image-preview":"max-image-preview:large","max-video-preview":"max-video-preview:-1"},"canonical":"https:\/\/www.sanchezlex.com\/es\/costa-rica\/historia\/la-reforma-social\/","og_locale":"es_ES","og_type":"article","og_title":"La Reforma Social Costa Rica","og_description":"[:es]Comenzando en los a\u00f1os 1930, la presi\u00f3n social por cambios sociales empez\u00f3 a acumularse.[:en]Starting in the 1930s, the social pressure for social changes started to build up.[:]","og_url":"https:\/\/www.sanchezlex.com\/es\/costa-rica\/historia\/la-reforma-social\/","og_site_name":"Sanchez Lex","twitter_card":"summary_large_image","twitter_misc":{"Tiempo de lectura":"2 minutos"},"schema":{"@context":"https:\/\/schema.org","@graph":[{"@type":"WebPage","@id":"https:\/\/www.sanchezlex.com\/es\/costa-rica\/historia\/la-reforma-social\/","url":"https:\/\/www.sanchezlex.com\/es\/costa-rica\/historia\/la-reforma-social\/","name":"La Reforma Social Costa Rica","isPartOf":{"@id":"https:\/\/www.sanchezlex.com\/es\/#website"},"datePublished":"2015-11-18T18:34:35+00:00","breadcrumb":{"@id":"https:\/\/www.sanchezlex.com\/es\/costa-rica\/historia\/la-reforma-social\/#breadcrumb"},"inLanguage":"es","potentialAction":[{"@type":"ReadAction","target":["https:\/\/www.sanchezlex.com\/es\/costa-rica\/historia\/la-reforma-social\/"]}]},{"@type":"BreadcrumbList","@id":"https:\/\/www.sanchezlex.com\/es\/costa-rica\/historia\/la-reforma-social\/#breadcrumb","itemListElement":[{"@type":"ListItem","position":1,"name":"Portada","item":"https:\/\/www.sanchezlex.com\/"},{"@type":"ListItem","position":2,"name":"Costa Rica","item":"https:\/\/www.sanchezlex.com\/es\/costa-rica\/"},{"@type":"ListItem","position":3,"name":"Historia","item":"https:\/\/www.sanchezlex.com\/es\/costa-rica\/historia\/"},{"@type":"ListItem","position":4,"name":"La Reforma Social"}]},{"@type":"WebSite","@id":"https:\/\/www.sanchezlex.com\/es\/#website","url":"https:\/\/www.sanchezlex.com\/es\/","name":"Sanchez Lex","description":"Abogados en Costa Rica","potentialAction":[{"@type":"SearchAction","target":{"@type":"EntryPoint","urlTemplate":"https:\/\/www.sanchezlex.com\/es\/?s={search_term_string}"},"query-input":{"@type":"PropertyValueSpecification","valueRequired":true,"valueName":"search_term_string"}}],"inLanguage":"es"}]}},"_links":{"self":[{"href":"https:\/\/www.sanchezlex.com\/es\/wp-json\/wp\/v2\/pages\/187","targetHints":{"allow":["GET"]}}],"collection":[{"href":"https:\/\/www.sanchezlex.com\/es\/wp-json\/wp\/v2\/pages"}],"about":[{"href":"https:\/\/www.sanchezlex.com\/es\/wp-json\/wp\/v2\/types\/page"}],"author":[{"embeddable":true,"href":"https:\/\/www.sanchezlex.com\/es\/wp-json\/wp\/v2\/users\/2"}],"replies":[{"embeddable":true,"href":"https:\/\/www.sanchezlex.com\/es\/wp-json\/wp\/v2\/comments?post=187"}],"version-history":[{"count":1,"href":"https:\/\/www.sanchezlex.com\/es\/wp-json\/wp\/v2\/pages\/187\/revisions"}],"predecessor-version":[{"id":188,"href":"https:\/\/www.sanchezlex.com\/es\/wp-json\/wp\/v2\/pages\/187\/revisions\/188"}],"up":[{"embeddable":true,"href":"https:\/\/www.sanchezlex.com\/es\/wp-json\/wp\/v2\/pages\/167"}],"wp:attachment":[{"href":"https:\/\/www.sanchezlex.com\/es\/wp-json\/wp\/v2\/media?parent=187"}],"curies":[{"name":"wp","href":"https:\/\/api.w.org\/{rel}","templated":true}]}}

<div class="wpb-content-wrapper">[vc_row][vc_column][vc_column_text]
<p style="text-align: justify;">Comenzando en los años 1930, la presión social por cambios sociales empezó a acumularse. Durante los primeros años de la década de 1940 varios cambios sucedieron los cuales resultaron en un nuevo Código de Trabajo y en la creación de instituciones tales como el Seguro Social y la Universidad de Costa Rica.</p>
<p>Una disputa sobre el manejo de los resultados e las elecciones de 1948 resultó en una Guerra Civil la cual duró dos meses, y de la cual la figura de José Figueres emergió como el nuevo líder del país. El ejército fue abolido como una entidad permanente, y una entidad separada (el Tribunal Supremo de Elecciones) es creada para regular y manejar los procesos electorales.</p>
<p>Las reformas sociales no fueron desmanteladas por el nuevo gobierno y el país comenzó una era de modernización de sus instituciones y su economía con el Estado sumiendo un papel más dinámico en la actividad socioeconómica del país. En 1949 una nueva Constitución (aún en efecto) es aprobada.[/vc_column_text][/vc_column][/vc_row]
</div>

<p>Comenzando en los años 1930, la presión social por cambios sociales empezó a acumularse.</p>

<!-- This site is optimized with the Yoast SEO plugin v28.1 - https://yoast.com/product/yoast-seo-wordpress/ -->
<title>La Reforma Social Costa Rica</title>
<meta name="robots" content="index, follow, max-snippet:-1, max-image-preview:large, max-video-preview:-1" />
<link rel="canonical" href="https://www.sanchezlex.com/es/costa-rica/historia/la-reforma-social/" />
<meta property="og:locale" content="es_ES" />
<meta property="og:type" content="article" />
<meta property="og:title" content="La Reforma Social Costa Rica" />
<meta property="og:description" content="[:es]Comenzando en los años 1930, la presión social por cambios sociales empezó a acumularse.[:en]Starting in the 1930s, the social pressure for social changes started to build up.[:]" />
<meta property="og:url" content="https://www.sanchezlex.com/es/costa-rica/historia/la-reforma-social/" />
<meta property="og:site_name" content="Sanchez Lex" />
<meta name="twitter:card" content="summary_large_image" />
<meta name="twitter:label1" content="Tiempo de lectura" />
	<meta name="twitter:data1" content="2 minutos" />
<script type="application/ld+json" class="yoast-schema-graph">{"@context":"https:\/\/schema.org","@graph":[{"@type":"WebPage","@id":"https:\/\/www.sanchezlex.com\/es\/costa-rica\/historia\/la-reforma-social\/","url":"https:\/\/www.sanchezlex.com\/es\/costa-rica\/historia\/la-reforma-social\/","name":"La Reforma Social Costa Rica","isPartOf":{"@id":"https:\/\/www.sanchezlex.com\/es\/#website"},"datePublished":"2015-11-18T18:34:35+00:00","breadcrumb":{"@id":"https:\/\/www.sanchezlex.com\/es\/costa-rica\/historia\/la-reforma-social\/#breadcrumb"},"inLanguage":"es","potentialAction":[{"@type":"ReadAction","target":["https:\/\/www.sanchezlex.com\/es\/costa-rica\/historia\/la-reforma-social\/"]}]},{"@type":"BreadcrumbList","@id":"https:\/\/www.sanchezlex.com\/es\/costa-rica\/historia\/la-reforma-social\/#breadcrumb","itemListElement":[{"@type":"ListItem","position":1,"name":"Portada","item":"https:\/\/www.sanchezlex.com\/"},{"@type":"ListItem","position":2,"name":"Costa Rica","item":"https:\/\/www.sanchezlex.com\/es\/costa-rica\/"},{"@type":"ListItem","position":3,"name":"Historia","item":"https:\/\/www.sanchezlex.com\/es\/costa-rica\/historia\/"},{"@type":"ListItem","position":4,"name":"La Reforma Social"}]},{"@type":"WebSite","@id":"https:\/\/www.sanchezlex.com\/es\/#website","url":"https:\/\/www.sanchezlex.com\/es\/","name":"Sanchez Lex","description":"Abogados en Costa Rica","potentialAction":[{"@type":"SearchAction","target":{"@type":"EntryPoint","urlTemplate":"https:\/\/www.sanchezlex.com\/es\/?s={search_term_string}"},"query-input":{"@type":"PropertyValueSpecification","valueRequired":true,"valueName":"search_term_string"}}],"inLanguage":"es"}]}</script>
<!-- / Yoast SEO plugin. -->

[:es]Comenzando en los años 1930, la presión social por cambios sociales empezó a acumularse.[:en]Starting in the 1930s, the social pressure for social changes started to build up.[:]
