{"id":189,"date":"2015-11-18T12:37:31","date_gmt":"2015-11-18T18:37:31","guid":{"rendered":"http:\/\/www.sanchezlex.com\/?page_id=189"},"modified":"2015-11-18T12:38:42","modified_gmt":"2015-11-18T18:38:42","slug":"costa-rica-contemporanea","status":"publish","type":"page","link":"https:\/\/www.sanchezlex.com\/es\/costa-rica\/historia\/costa-rica-contemporanea\/","title":{"rendered":"Costa Rica contempor\u00e1nea"},"content":{"rendered":"<div class=\"wpb-content-wrapper\">[vc_row][vc_column][vc_column_text]\n<p style=\"text-align: justify;\">Despu\u00e9s de la Guerra Civil de 1948, los a\u00f1os de las d\u00e9cadas de 1950 y 1960 estuvieron caracterizados por una clara estrategia pol\u00edtica por los ciudadanos costarricenses. Los votantes alternaron eligiendo candidatos del Partido Liberaci\u00f3n Nacional (PLN) o de los partidos Social Cristianos, los dos principales grupos que hab\u00edan resultado de la Guerra Civil.<\/p>\n<p style=\"text-align: justify;\">En este per\u00edodo, el sistema de beneficiencia y las instituciones educativas p\u00fablicas se expandieron grandemente. Para el final de la d\u00e9cada de 1970, Costa Rica mostraba datos sociales impresionante: la expectativa de vida hab\u00eda alcanzado los 70 a\u00f1os, la mortalidad infantil era de 20 ni\u00f1os por cada 1000, la tasa de literalidad era del 90%, el sistema de beneficiencia cubr\u00eda a tres cuartas partes de los trabajadores asalariados y el desempleo estaba en una baja tasa del 5%. Como resultado de esta estabilidad econ\u00f3mica social el per\u00edodo entre la d\u00e9cada de 1950 y la d\u00e9cada de 1970 fue testigo de un incremento demogr\u00e1fico.<\/p>\n<p style=\"text-align: justify;\">Otro factor que contribuy\u00f3 a este crecimiento econ\u00f3mico, fue el considerable beneficio obtenido de la exportaci\u00f3n del caf\u00e9, al igual que del az\u00facar, el banano y la carne. La infraestructura gubernamental y privada tambi\u00e9n creci\u00f3 debido a la cantidad de personal e infraestructura que pod\u00eda manejar el comercio internacional de estos productos.<\/p>\n<p style=\"text-align: justify;\">El per\u00edodo entre la d\u00e9cada de 1950 y de 1970 fue una \u00e9poca de oro caracterizada por un impresionante crecimiento econ\u00f3mico, social demogr\u00e1fico, sostenido mayormente por medio del endeudamiento, el cual en 1980, dio lugar a una crisis marcada por una alta inflaci\u00f3n y una alta devaluaci\u00f3n de la moneda nacional, combinados con una baja en los precios internacionales de las exportaciones. Para la mitad de la d\u00e9cada de 1980, la situaci\u00f3n hab\u00eda mejorado ligeramente.<\/p>\n<p style=\"text-align: justify;\">En 1986, el Presidente Oscar Arias S\u00e1nchez, se concentr\u00f3 en la resoluci\u00f3n de los problemas b\u00e9licos de la regi\u00f3n. \u00c9l formul\u00f3 un plan de paz que fue firmado por los cinco presidentes centroamericanos en 1987 y el cual le mereci\u00f3 el Premio N\u00f3bel de la Paz. La d\u00e9cada de 1980 tambi\u00e9n vio el comienzo de una seria industria tur\u00edstica en el pa\u00eds, la cual desde entonces ha crecido y se ha especializado, convirti\u00e9ndose en una de las principales actividades econ\u00f3micas del pa\u00eds.<\/p>\n<p style=\"text-align: justify;\">En 1990, Rafael \u00c1ngel Calder\u00f3n (hijo del reformador social Calder\u00f3n) fue electro Presidente, siendo seguido en 1994 por Jos\u00e9 Mar\u00eda Figueres (hijo del l\u00edder de la Guerra Civil, Figueres). Al final de su t\u00e9rmino Miguel \u00c1ngel Rodr\u00edguez fue electo y en el 2002 Abel Pacheco result\u00f3 el ganador de una elecci\u00f3n de dos rondas.<\/p>\n<p style=\"text-align: justify;\">Durante la d\u00e9cada de 1990 el pa\u00eds incursion\u00f3 en industrias de alta tecnolog\u00eda, incluyendo la producci\u00f3n de componentes electr\u00f3nicos actividad la cual se ha convertido en uno de los principales rubros de exportaci\u00f3n.<\/p>\n<p style=\"text-align: justify;\">En esa d\u00e9cada, el descontento pol\u00edtico del electorado dio lugar al nacimiento de una tercera fuerza pol\u00edtica mayor en el pa\u00eds, el Partido Acci\u00f3n Ciudadana, el cual incluso estuvo cerca de ganar las elecciones presidenciales posteriormente en el a\u00f1o 2006, la cuales fueron ganadas por el Premio Nobel de la Paz Dr. Oscar Arias S\u00e1nchez.<\/p>\n<p style=\"text-align: justify;\">Los primeros a\u00f1os del siglo XXI han visto al pa\u00eds inmerso en las nuevas tendencias de globalizaci\u00f3n y de acuerdos de libre comercio, incluido uno con los Estados Unidos de Am\u00e9rica, el cual fue consultado mediante un referendo, mediante el cual los votantes aprobaron el mismo. La aproaci\u00f3n del Tratado de Libre Comercio con los Estados Unidos de Am\u00e9rica llev\u00f3 al rompimiento del monopolio estatal en seguros y en la mayor\u00eda de los servicios de telecomunicaci\u00f3n.<\/p>\n<p style=\"text-align: justify;\">En Febrero el 2010, Laura Chinchilla se convirti\u00f3 en la primera mujer en obtener la Presidencia del pa\u00eds por una significativa mayor\u00eda de votos.<\/p>\n[\/vc_column_text][\/vc_column][\/vc_row]\n<\/div>","protected":false},"excerpt":{"rendered":"<p>Despu\u00e9s de la Guerra Civil de 1948, los a\u00f1os de las d\u00e9cadas de 1950 y 1960 estuvieron caracterizados por una clara estrategia pol\u00edtica.<\/p>\n","protected":false},"author":2,"featured_media":0,"parent":167,"menu_order":0,"comment_status":"closed","ping_status":"closed","template":"","meta":{"_acf_changed":false,"rs_blank_template":"","rs_page_bg_color":"","slide_template_v7":"","footnotes":""},"class_list":["post-189","page","type-page","status-publish","hentry"],"acf":[],"yoast_head":"<!-- This site is optimized with the Yoast SEO plugin v28.1 - https:\/\/yoast.com\/product\/yoast-seo-wordpress\/ -->\n<title>Costa Rica contempor\u00e1nea Costa Rica<\/title>\n<meta name=\"robots\" content=\"index, follow, max-snippet:-1, max-image-preview:large, max-video-preview:-1\" \/>\n<link rel=\"canonical\" href=\"https:\/\/www.sanchezlex.com\/es\/costa-rica\/historia\/costa-rica-contemporanea\/\" \/>\n<meta property=\"og:locale\" content=\"es_ES\" \/>\n<meta property=\"og:type\" content=\"article\" \/>\n<meta property=\"og:title\" content=\"Costa Rica contempor\u00e1nea Costa Rica\" \/>\n<meta property=\"og:description\" content=\"[:es]Despu\u00e9s de la Guerra Civil de 1948, los a\u00f1os de las d\u00e9cadas de 1950 y 1960 estuvieron caracterizados por una clara estrategia pol\u00edtica.[:en]After the Civil War of 1948, the 1950s and 1960s were characterized by a sound political strategy.[:]\" \/>\n<meta property=\"og:url\" content=\"https:\/\/www.sanchezlex.com\/es\/costa-rica\/historia\/costa-rica-contemporanea\/\" \/>\n<meta property=\"og:site_name\" content=\"Sanchez Lex\" \/>\n<meta property=\"article:modified_time\" content=\"2015-11-18T18:38:42+00:00\" \/>\n<meta name=\"twitter:card\" content=\"summary_large_image\" \/>\n<meta name=\"twitter:label1\" content=\"Tiempo de lectura\" \/>\n\t<meta name=\"twitter:data1\" content=\"6 minutos\" \/>\n<script type=\"application\/ld+json\" class=\"yoast-schema-graph\">{\"@context\":\"https:\\\/\\\/schema.org\",\"@graph\":[{\"@type\":\"WebPage\",\"@id\":\"https:\\\/\\\/www.sanchezlex.com\\\/es\\\/costa-rica\\\/historia\\\/costa-rica-contemporanea\\\/\",\"url\":\"https:\\\/\\\/www.sanchezlex.com\\\/es\\\/costa-rica\\\/historia\\\/costa-rica-contemporanea\\\/\",\"name\":\"Costa Rica contempor\u00e1nea Costa Rica\",\"isPartOf\":{\"@id\":\"https:\\\/\\\/www.sanchezlex.com\\\/es\\\/#website\"},\"datePublished\":\"2015-11-18T18:37:31+00:00\",\"dateModified\":\"2015-11-18T18:38:42+00:00\",\"breadcrumb\":{\"@id\":\"https:\\\/\\\/www.sanchezlex.com\\\/es\\\/costa-rica\\\/historia\\\/costa-rica-contemporanea\\\/#breadcrumb\"},\"inLanguage\":\"es\",\"potentialAction\":[{\"@type\":\"ReadAction\",\"target\":[\"https:\\\/\\\/www.sanchezlex.com\\\/es\\\/costa-rica\\\/historia\\\/costa-rica-contemporanea\\\/\"]}]},{\"@type\":\"BreadcrumbList\",\"@id\":\"https:\\\/\\\/www.sanchezlex.com\\\/es\\\/costa-rica\\\/historia\\\/costa-rica-contemporanea\\\/#breadcrumb\",\"itemListElement\":[{\"@type\":\"ListItem\",\"position\":1,\"name\":\"Portada\",\"item\":\"https:\\\/\\\/www.sanchezlex.com\\\/\"},{\"@type\":\"ListItem\",\"position\":2,\"name\":\"Costa Rica\",\"item\":\"https:\\\/\\\/www.sanchezlex.com\\\/es\\\/costa-rica\\\/\"},{\"@type\":\"ListItem\",\"position\":3,\"name\":\"Historia\",\"item\":\"https:\\\/\\\/www.sanchezlex.com\\\/es\\\/costa-rica\\\/historia\\\/\"},{\"@type\":\"ListItem\",\"position\":4,\"name\":\"Costa Rica contempor\u00e1nea\"}]},{\"@type\":\"WebSite\",\"@id\":\"https:\\\/\\\/www.sanchezlex.com\\\/es\\\/#website\",\"url\":\"https:\\\/\\\/www.sanchezlex.com\\\/es\\\/\",\"name\":\"Sanchez Lex\",\"description\":\"Abogados en Costa Rica\",\"potentialAction\":[{\"@type\":\"SearchAction\",\"target\":{\"@type\":\"EntryPoint\",\"urlTemplate\":\"https:\\\/\\\/www.sanchezlex.com\\\/es\\\/?s={search_term_string}\"},\"query-input\":{\"@type\":\"PropertyValueSpecification\",\"valueRequired\":true,\"valueName\":\"search_term_string\"}}],\"inLanguage\":\"es\"}]}<\/script>\n<!-- \/ Yoast SEO plugin. -->","yoast_head_json":{"title":"Costa Rica contempor\u00e1nea Costa Rica","robots":{"index":"index","follow":"follow","max-snippet":"max-snippet:-1","max-image-preview":"max-image-preview:large","max-video-preview":"max-video-preview:-1"},"canonical":"https:\/\/www.sanchezlex.com\/es\/costa-rica\/historia\/costa-rica-contemporanea\/","og_locale":"es_ES","og_type":"article","og_title":"Costa Rica contempor\u00e1nea Costa Rica","og_description":"[:es]Despu\u00e9s de la Guerra Civil de 1948, los a\u00f1os de las d\u00e9cadas de 1950 y 1960 estuvieron caracterizados por una clara estrategia pol\u00edtica.[:en]After the Civil War of 1948, the 1950s and 1960s were characterized by a sound political strategy.[:]","og_url":"https:\/\/www.sanchezlex.com\/es\/costa-rica\/historia\/costa-rica-contemporanea\/","og_site_name":"Sanchez Lex","article_modified_time":"2015-11-18T18:38:42+00:00","twitter_card":"summary_large_image","twitter_misc":{"Tiempo de lectura":"6 minutos"},"schema":{"@context":"https:\/\/schema.org","@graph":[{"@type":"WebPage","@id":"https:\/\/www.sanchezlex.com\/es\/costa-rica\/historia\/costa-rica-contemporanea\/","url":"https:\/\/www.sanchezlex.com\/es\/costa-rica\/historia\/costa-rica-contemporanea\/","name":"Costa Rica contempor\u00e1nea Costa Rica","isPartOf":{"@id":"https:\/\/www.sanchezlex.com\/es\/#website"},"datePublished":"2015-11-18T18:37:31+00:00","dateModified":"2015-11-18T18:38:42+00:00","breadcrumb":{"@id":"https:\/\/www.sanchezlex.com\/es\/costa-rica\/historia\/costa-rica-contemporanea\/#breadcrumb"},"inLanguage":"es","potentialAction":[{"@type":"ReadAction","target":["https:\/\/www.sanchezlex.com\/es\/costa-rica\/historia\/costa-rica-contemporanea\/"]}]},{"@type":"BreadcrumbList","@id":"https:\/\/www.sanchezlex.com\/es\/costa-rica\/historia\/costa-rica-contemporanea\/#breadcrumb","itemListElement":[{"@type":"ListItem","position":1,"name":"Portada","item":"https:\/\/www.sanchezlex.com\/"},{"@type":"ListItem","position":2,"name":"Costa Rica","item":"https:\/\/www.sanchezlex.com\/es\/costa-rica\/"},{"@type":"ListItem","position":3,"name":"Historia","item":"https:\/\/www.sanchezlex.com\/es\/costa-rica\/historia\/"},{"@type":"ListItem","position":4,"name":"Costa Rica contempor\u00e1nea"}]},{"@type":"WebSite","@id":"https:\/\/www.sanchezlex.com\/es\/#website","url":"https:\/\/www.sanchezlex.com\/es\/","name":"Sanchez Lex","description":"Abogados en Costa Rica","potentialAction":[{"@type":"SearchAction","target":{"@type":"EntryPoint","urlTemplate":"https:\/\/www.sanchezlex.com\/es\/?s={search_term_string}"},"query-input":{"@type":"PropertyValueSpecification","valueRequired":true,"valueName":"search_term_string"}}],"inLanguage":"es"}]}},"_links":{"self":[{"href":"https:\/\/www.sanchezlex.com\/es\/wp-json\/wp\/v2\/pages\/189","targetHints":{"allow":["GET"]}}],"collection":[{"href":"https:\/\/www.sanchezlex.com\/es\/wp-json\/wp\/v2\/pages"}],"about":[{"href":"https:\/\/www.sanchezlex.com\/es\/wp-json\/wp\/v2\/types\/page"}],"author":[{"embeddable":true,"href":"https:\/\/www.sanchezlex.com\/es\/wp-json\/wp\/v2\/users\/2"}],"replies":[{"embeddable":true,"href":"https:\/\/www.sanchezlex.com\/es\/wp-json\/wp\/v2\/comments?post=189"}],"version-history":[{"count":2,"href":"https:\/\/www.sanchezlex.com\/es\/wp-json\/wp\/v2\/pages\/189\/revisions"}],"predecessor-version":[{"id":191,"href":"https:\/\/www.sanchezlex.com\/es\/wp-json\/wp\/v2\/pages\/189\/revisions\/191"}],"up":[{"embeddable":true,"href":"https:\/\/www.sanchezlex.com\/es\/wp-json\/wp\/v2\/pages\/167"}],"wp:attachment":[{"href":"https:\/\/www.sanchezlex.com\/es\/wp-json\/wp\/v2\/media?parent=189"}],"curies":[{"name":"wp","href":"https:\/\/api.w.org\/{rel}","templated":true}]}}

Costa Rica contemporánea

<div class="wpb-content-wrapper">[vc_row][vc_column][vc_column_text]
<p style="text-align: justify;">Después de la Guerra Civil de 1948, los años de las décadas de 1950 y 1960 estuvieron caracterizados por una clara estrategia política por los ciudadanos costarricenses. Los votantes alternaron eligiendo candidatos del Partido Liberación Nacional (PLN) o de los partidos Social Cristianos, los dos principales grupos que habían resultado de la Guerra Civil.</p>
<p style="text-align: justify;">En este período, el sistema de beneficiencia y las instituciones educativas públicas se expandieron grandemente. Para el final de la década de 1970, Costa Rica mostraba datos sociales impresionante: la expectativa de vida había alcanzado los 70 años, la mortalidad infantil era de 20 niños por cada 1000, la tasa de literalidad era del 90%, el sistema de beneficiencia cubría a tres cuartas partes de los trabajadores asalariados y el desempleo estaba en una baja tasa del 5%. Como resultado de esta estabilidad económica social el período entre la década de 1950 y la década de 1970 fue testigo de un incremento demográfico.</p>
<p style="text-align: justify;">Otro factor que contribuyó a este crecimiento económico, fue el considerable beneficio obtenido de la exportación del café, al igual que del azúcar, el banano y la carne. La infraestructura gubernamental y privada también creció debido a la cantidad de personal e infraestructura que podía manejar el comercio internacional de estos productos.</p>
<p style="text-align: justify;">El período entre la década de 1950 y de 1970 fue una época de oro caracterizada por un impresionante crecimiento económico, social demográfico, sostenido mayormente por medio del endeudamiento, el cual en 1980, dio lugar a una crisis marcada por una alta inflación y una alta devaluación de la moneda nacional, combinados con una baja en los precios internacionales de las exportaciones. Para la mitad de la década de 1980, la situación había mejorado ligeramente.</p>
<p style="text-align: justify;">En 1986, el Presidente Oscar Arias Sánchez, se concentró en la resolución de los problemas bélicos de la región. Él formuló un plan de paz que fue firmado por los cinco presidentes centroamericanos en 1987 y el cual le mereció el Premio Nóbel de la Paz. La década de 1980 también vio el comienzo de una seria industria turística en el país, la cual desde entonces ha crecido y se ha especializado, convirtiéndose en una de las principales actividades económicas del país.</p>
<p style="text-align: justify;">En 1990, Rafael Ángel Calderón (hijo del reformador social Calderón) fue electro Presidente, siendo seguido en 1994 por José María Figueres (hijo del líder de la Guerra Civil, Figueres). Al final de su término Miguel Ángel Rodríguez fue electo y en el 2002 Abel Pacheco resultó el ganador de una elección de dos rondas.</p>
<p style="text-align: justify;">Durante la década de 1990 el país incursionó en industrias de alta tecnología, incluyendo la producción de componentes electrónicos actividad la cual se ha convertido en uno de los principales rubros de exportación.</p>
<p style="text-align: justify;">En esa década, el descontento político del electorado dio lugar al nacimiento de una tercera fuerza política mayor en el país, el Partido Acción Ciudadana, el cual incluso estuvo cerca de ganar las elecciones presidenciales posteriormente en el año 2006, la cuales fueron ganadas por el Premio Nobel de la Paz Dr. Oscar Arias Sánchez.</p>
<p style="text-align: justify;">Los primeros años del siglo XXI han visto al país inmerso en las nuevas tendencias de globalización y de acuerdos de libre comercio, incluido uno con los Estados Unidos de América, el cual fue consultado mediante un referendo, mediante el cual los votantes aprobaron el mismo. La aproación del Tratado de Libre Comercio con los Estados Unidos de América llevó al rompimiento del monopolio estatal en seguros y en la mayoría de los servicios de telecomunicación.</p>
<p style="text-align: justify;">En Febrero el 2010, Laura Chinchilla se convirtió en la primera mujer en obtener la Presidencia del país por una significativa mayoría de votos.</p>
[/vc_column_text][/vc_column][/vc_row]
</div>

<p>Después de la Guerra Civil de 1948, los años de las décadas de 1950 y 1960 estuvieron caracterizados por una clara estrategia política.</p>

<!-- This site is optimized with the Yoast SEO plugin v28.1 - https://yoast.com/product/yoast-seo-wordpress/ -->
<title>Costa Rica contemporánea Costa Rica</title>
<meta name="robots" content="index, follow, max-snippet:-1, max-image-preview:large, max-video-preview:-1" />
<link rel="canonical" href="https://www.sanchezlex.com/es/costa-rica/historia/costa-rica-contemporanea/" />
<meta property="og:locale" content="es_ES" />
<meta property="og:type" content="article" />
<meta property="og:title" content="Costa Rica contemporánea Costa Rica" />
<meta property="og:description" content="[:es]Después de la Guerra Civil de 1948, los años de las décadas de 1950 y 1960 estuvieron caracterizados por una clara estrategia política.[:en]After the Civil War of 1948, the 1950s and 1960s were characterized by a sound political strategy.[:]" />
<meta property="og:url" content="https://www.sanchezlex.com/es/costa-rica/historia/costa-rica-contemporanea/" />
<meta property="og:site_name" content="Sanchez Lex" />
<meta property="article:modified_time" content="2015-11-18T18:38:42+00:00" />
<meta name="twitter:card" content="summary_large_image" />
<meta name="twitter:label1" content="Tiempo de lectura" />
	<meta name="twitter:data1" content="6 minutos" />
<script type="application/ld+json" class="yoast-schema-graph">{"@context":"https:\/\/schema.org","@graph":[{"@type":"WebPage","@id":"https:\/\/www.sanchezlex.com\/es\/costa-rica\/historia\/costa-rica-contemporanea\/","url":"https:\/\/www.sanchezlex.com\/es\/costa-rica\/historia\/costa-rica-contemporanea\/","name":"Costa Rica contemporánea Costa Rica","isPartOf":{"@id":"https:\/\/www.sanchezlex.com\/es\/#website"},"datePublished":"2015-11-18T18:37:31+00:00","dateModified":"2015-11-18T18:38:42+00:00","breadcrumb":{"@id":"https:\/\/www.sanchezlex.com\/es\/costa-rica\/historia\/costa-rica-contemporanea\/#breadcrumb"},"inLanguage":"es","potentialAction":[{"@type":"ReadAction","target":["https:\/\/www.sanchezlex.com\/es\/costa-rica\/historia\/costa-rica-contemporanea\/"]}]},{"@type":"BreadcrumbList","@id":"https:\/\/www.sanchezlex.com\/es\/costa-rica\/historia\/costa-rica-contemporanea\/#breadcrumb","itemListElement":[{"@type":"ListItem","position":1,"name":"Portada","item":"https:\/\/www.sanchezlex.com\/"},{"@type":"ListItem","position":2,"name":"Costa Rica","item":"https:\/\/www.sanchezlex.com\/es\/costa-rica\/"},{"@type":"ListItem","position":3,"name":"Historia","item":"https:\/\/www.sanchezlex.com\/es\/costa-rica\/historia\/"},{"@type":"ListItem","position":4,"name":"Costa Rica contemporánea"}]},{"@type":"WebSite","@id":"https:\/\/www.sanchezlex.com\/es\/#website","url":"https:\/\/www.sanchezlex.com\/es\/","name":"Sanchez Lex","description":"Abogados en Costa Rica","potentialAction":[{"@type":"SearchAction","target":{"@type":"EntryPoint","urlTemplate":"https:\/\/www.sanchezlex.com\/es\/?s={search_term_string}"},"query-input":{"@type":"PropertyValueSpecification","valueRequired":true,"valueName":"search_term_string"}}],"inLanguage":"es"}]}</script>
<!-- / Yoast SEO plugin. -->

Costa Rica contemporánea Costa Rica

[:es]Después de la Guerra Civil de 1948, los años de las décadas de 1950 y 1960 estuvieron caracterizados por una clara estrategia política.[:en]After the Civil War of 1948, the 1950s and 1960s were characterized by a sound political strategy.[:]
